CRAN Package Check Results for Package adfExplorer

Last updated on 2020-03-31 01:52:32 CEST.

Flavor Version Tinstall Tcheck Ttotal Status Flags
r-devel-linux-x86_64-debian-clang 0.1.4 6.18 39.00 45.18 OK
r-devel-linux-x86_64-debian-gcc 0.1.4 5.10 30.39 35.49 OK
r-devel-linux-x86_64-fedora-clang 0.1.4 54.26 OK
r-devel-linux-x86_64-fedora-gcc 0.1.4 53.86 OK
r-devel-windows-ix86+x86_64 0.1.4 13.00 50.00 63.00 OK
r-devel-windows-ix86+x86_64-gcc8 0.1.4 12.00 48.00 60.00 OK
r-patched-linux-x86_64 0.1.4 5.64 38.00 43.64 OK
r-patched-solaris-x86 0.1.4 78.80 OK
r-release-linux-x86_64 0.1.4 4.88 35.00 39.88 OK
r-release-windows-ix86+x86_64 0.1.4 14.00 71.00 85.00 OK
r-release-osx-x86_64 0.1.4 WARN
r-oldrel-windows-ix86+x86_64 0.1.4 11.00 70.00 81.00 OK
r-oldrel-osx-x86_64 0.1.4 OK

Check Details

Version: 0.1.4
Check: re-building of vignette outputs
Result: WARN
    Error(s) in re-building vignettes:
     ...
    --- re-building ‘amigaDiskFiles.Rmd’ using rmarkdown
    Warning in engine$weave(file, quiet = quiet, encoding = enc) :
     Pandoc (>= 1.12.3) and/or pandoc-citeproc not available. Falling back to R Markdown v1.
    Error: processing vignette 'amigaDiskFiles.Rmd' failed with diagnostics:
    there is no package called 'stringi'
    --- failed re-building ‘amigaDiskFiles.Rmd’
    
    SUMMARY: processing the following file failed:
     ‘amigaDiskFiles.Rmd’
    
    Error: Vignette re-building failed.
    Execution halted
Flavor: r-release-osx-x86_64