CRAN Package Check Results for Package ads

Last updated on 2020-06-03 01:50:39 CEST.

Flavor Version Tinstall Tcheck Ttotal Status Flags
r-devel-linux-x86_64-debian-clang 1.5-3 24.63 114.45 139.08 WARN
r-devel-linux-x86_64-debian-gcc 1.5-3 19.43 87.36 106.79 WARN
r-devel-linux-x86_64-fedora-clang 1.5-3 177.00 WARN
r-devel-linux-x86_64-fedora-gcc 1.5-3 167.23 WARN
r-devel-windows-ix86+x86_64 1.5-3 62.00 208.00 270.00 WARN
r-patched-linux-x86_64 1.5-3 22.83 115.31 138.14 OK
r-patched-solaris-x86 1.5-3 258.60 OK
r-release-linux-x86_64 1.5-3 22.40 116.21 138.61 OK
r-release-osx-x86_64 1.5-3 OK
r-release-windows-ix86+x86_64 1.5-3 46.00 238.00 284.00 OK
r-oldrel-osx-x86_64 1.5-3 OK
r-oldrel-windows-ix86+x86_64 1.5-3 44.00 159.00 203.00 OK

Check Details

Version: 1.5-3
Check: whether the namespace can be loaded with stated dependencies
Result: WARN
    Warning: S4 exports specified in 'NAMESPACE' but not defined in package 'ads'
Flavors: r-devel-linux-x86_64-debian-clang, r-devel-linux-x86_64-debian-gcc, r-devel-linux-x86_64-fedora-clang, r-devel-linux-x86_64-fedora-gcc

Version: 1.5-3
Check: whether package can be installed
Result: WARN
    Found the following significant warnings:
     Warning: S4 exports specified in 'NAMESPACE' but not defined in package 'ads'
Flavor: r-devel-windows-ix86+x86_64

Version: 1.5-3
Check: whether the namespace can be loaded with stated dependencies
Result: NOTE
    Warning: S4 exports specified in 'NAMESPACE' but not defined in package 'ads'
    
    A namespace must be able to be loaded with just the base namespace
    loaded: otherwise if the namespace gets loaded by a saved object, the
    session will be unable to start.
    
    Probably some imports need to be declared in the NAMESPACE file.
Flavors: r-devel-windows-ix86+x86_64, r-devel-windows-ix86+x86_64