CRAN Package Check Results for Package akmedoids

Last updated on 2019-10-14 01:46:18 CEST.

Flavor Version Tinstall Tcheck Ttotal Status Flags
r-devel-linux-x86_64-debian-clang 0.1.2 12.41 111.19 123.60 OK
r-devel-linux-x86_64-debian-gcc 0.1.2 10.09 87.29 97.38 OK
r-devel-linux-x86_64-fedora-clang 0.1.2 147.15 OK
r-devel-linux-x86_64-fedora-gcc 0.1.2 145.21 OK
r-devel-windows-ix86+x86_64 0.1.2 33.00 129.00 162.00 OK
r-patched-linux-x86_64 0.1.2 12.68 106.26 118.94 OK
r-patched-solaris-x86 0.1.2 220.30 OK
r-release-linux-x86_64 0.1.2 10.58 106.57 117.15 OK
r-release-windows-ix86+x86_64 0.1.2 44.00 176.00 220.00 OK
r-release-osx-x86_64 0.1.2 WARN
r-oldrel-windows-ix86+x86_64 0.1.2 18.00 112.00 130.00 OK
r-oldrel-osx-x86_64 0.1.2 WARN

Check Details

Version: 0.1.2
Check: whether package can be installed
Result: WARN
    Found the following significant warnings:
     Warning: 'rgl_init' failed, running with rgl.useNULL = TRUE
Flavors: r-release-osx-x86_64, r-oldrel-osx-x86_64