CRAN Package Check Results for Package alphabetr

Last updated on 2019-10-16 05:46:56 CEST.

Flavor Version Tinstall Tcheck Ttotal Status Flags
r-devel-linux-x86_64-debian-clang 0.2.2 46.33 160.64 206.97 OK
r-devel-linux-x86_64-debian-gcc 0.2.2 29.61 117.01 146.62 OK
r-devel-linux-x86_64-fedora-clang 0.2.2 255.82 NOTE
r-devel-linux-x86_64-fedora-gcc 0.2.2 255.67 NOTE
r-devel-windows-ix86+x86_64 0.2.2 79.00 217.00 296.00 OK
r-patched-linux-x86_64 0.2.2 34.78 159.21 193.99 OK
r-patched-solaris-x86 0.2.2 483.90 OK
r-release-linux-x86_64 0.2.2 32.93 162.58 195.51 OK
r-release-windows-ix86+x86_64 0.2.2 74.00 234.00 308.00 OK
r-release-osx-x86_64 0.2.2 OK
r-oldrel-windows-ix86+x86_64 0.2.2 69.00 228.00 297.00 OK
r-oldrel-osx-x86_64 0.2.2 OK

Check Details

Version: 0.2.2
Check: compiled code
Result: NOTE
    File ‘alphabetr/libs/alphabetr.so’:
     Found no calls to: ‘R_registerRoutines’, ‘R_useDynamicSymbols’
    
    It is good practice to register native routines and to disable symbol
    search.
    
    See ‘Writing portable packages’ in the ‘Writing R Extensions’ manual.
Flavors: r-devel-linux-x86_64-fedora-clang, r-devel-linux-x86_64-fedora-gcc