CRAN Package Check Results for Package alphabetr

Last updated on 2020-05-25 01:48:46 CEST.

Flavor Version Tinstall Tcheck Ttotal Status Flags
r-devel-linux-x86_64-debian-clang 0.2.2 50.65 153.76 204.41 OK
r-devel-linux-x86_64-debian-gcc 0.2.2 34.86 119.19 154.05 OK
r-devel-linux-x86_64-fedora-clang 0.2.2 267.67 NOTE
r-devel-linux-x86_64-fedora-gcc 0.2.2 260.93 NOTE
r-devel-windows-ix86+x86_64 0.2.2 126.00 295.00 421.00 OK
r-patched-linux-x86_64 0.2.2 34.81 163.72 198.53 OK
r-patched-solaris-x86 0.2.2 509.10 OK
r-release-linux-x86_64 0.2.2 34.90 167.03 201.93 OK
r-release-osx-x86_64 0.2.2 OK
r-release-windows-ix86+x86_64 0.2.2 94.00 288.00 382.00 OK
r-oldrel-osx-x86_64 0.2.2 OK
r-oldrel-windows-ix86+x86_64 0.2.2 99.00 285.00 384.00 OK

Check Details

Version: 0.2.2
Check: compiled code
Result: NOTE
    File ‘alphabetr/libs/alphabetr.so’:
     Found no calls to: ‘R_registerRoutines’, ‘R_useDynamicSymbols’
    
    It is good practice to register native routines and to disable symbol
    search.
    
    See ‘Writing portable packages’ in the ‘Writing R Extensions’ manual.
Flavors: r-devel-linux-x86_64-fedora-clang, r-devel-linux-x86_64-fedora-gcc