CRAN Package Check Results for Package anomaly

Last updated on 2019-10-22 01:49:21 CEST.

Flavor Version Tinstall Tcheck Ttotal Status Flags
r-devel-linux-x86_64-debian-clang 2.0.2 45.32 77.09 122.41 OK
r-devel-linux-x86_64-debian-gcc 2.0.2 28.70 61.49 90.19 OK
r-devel-linux-x86_64-fedora-clang 2.0.2 156.77 NOTE
r-devel-linux-x86_64-fedora-gcc 2.0.2 142.79 OK
r-devel-windows-ix86+x86_64 2.0.2 109.00 149.00 258.00 NOTE
r-patched-linux-x86_64 2.0.2 33.27 74.49 107.76 OK
r-patched-solaris-x86 2.0.2 188.10 NOTE
r-release-linux-x86_64 2.0.2 32.18 76.13 108.31 OK
r-release-windows-ix86+x86_64 2.0.2 150.00 143.00 293.00 NOTE
r-release-osx-x86_64 2.0.2 NOTE
r-oldrel-windows-ix86+x86_64 2.0.2 98.00 149.00 247.00 NOTE
r-oldrel-osx-x86_64 2.0.2 NOTE

Check Details

Version: 2.0.2
Check: installed package size
Result: NOTE
     installed size is 6.4Mb
     sub-directories of 1Mb or more:
     data 4.2Mb
     libs 1.8Mb
Flavors: r-devel-linux-x86_64-fedora-clang, r-devel-windows-ix86+x86_64, r-patched-solaris-x86, r-release-windows-ix86+x86_64, r-release-osx-x86_64, r-oldrel-windows-ix86+x86_64, r-oldrel-osx-x86_64