CRAN Package Check Results for Package antitrust

Last updated on 2019-10-19 01:50:07 CEST.

Flavor Version Tinstall Tcheck Ttotal Status Flags
r-devel-linux-x86_64-debian-clang 0.99.11 10.31 73.16 83.47 OK
r-devel-linux-x86_64-debian-gcc 0.99.11 8.23 57.32 65.55 OK
r-devel-linux-x86_64-fedora-clang 0.99.11 114.20 NOTE
r-devel-linux-x86_64-fedora-gcc 0.99.11 111.45 NOTE
r-devel-windows-ix86+x86_64 0.99.11 27.00 123.00 150.00 OK
r-patched-linux-x86_64 0.99.11 10.13 72.14 82.27 OK
r-patched-solaris-x86 0.99.11 129.60 NOTE
r-release-linux-x86_64 0.99.11 7.76 73.44 81.20 OK
r-release-windows-ix86+x86_64 0.99.11 18.00 88.00 106.00 OK
r-release-osx-x86_64 0.99.11 NOTE
r-oldrel-windows-ix86+x86_64 0.99.11 14.00 88.00 102.00 OK
r-oldrel-osx-x86_64 0.99.11 NOTE

Check Details

Version: 0.99.11
Check: dependencies in R code
Result: NOTE
    Namespaces in Imports field not imported from:
     ‘MASS’ ‘evd’
     All declared Imports should be used.
Flavors: r-devel-linux-x86_64-fedora-clang, r-devel-linux-x86_64-fedora-gcc, r-patched-solaris-x86, r-release-osx-x86_64, r-oldrel-osx-x86_64