CRAN Package Check Results for Package arm

Last updated on 2022-01-17 00:48:27 CET.

Flavor Version Tinstall Tcheck Ttotal Status Flags
r-devel-linux-x86_64-debian-clang 1.12-2 12.77 108.30 121.07 OK
r-devel-linux-x86_64-debian-gcc 1.12-2 11.65 91.91 103.56 OK
r-devel-linux-x86_64-fedora-clang 1.12-2 147.63 NOTE
r-devel-linux-x86_64-fedora-gcc 1.12-2 135.13 OK
r-devel-windows-x86_64-new-UL 1.12-2 72.00 129.00 201.00 OK
r-devel-windows-x86_64-new-TK 1.12-2 ERROR
r-patched-linux-x86_64 1.12-2 16.43 105.60 122.03 OK
r-release-linux-x86_64 1.12-2 OK
r-release-macos-arm64 1.12-2 OK
r-release-macos-x86_64 1.12-2 OK
r-release-windows-ix86+x86_64 1.12-2 30.00 119.00 149.00 OK
r-oldrel-macos-x86_64 1.12-2 OK
r-oldrel-windows-ix86+x86_64 1.12-2 29.00 121.00 150.00 OK

Check Details

Version: 1.12-2
Check: Rd cross-references
Result: NOTE
    Undeclared packages ‘survey’, ‘Matching’ in Rd xrefs
Flavor: r-devel-linux-x86_64-fedora-clang

Version: 1.12-2
Check: package dependencies
Result: ERROR
    Package required but not available: 'lme4'
    
    See section 'The DESCRIPTION file' in the 'Writing R Extensions'
    manual.
Flavor: r-devel-windows-x86_64-new-TK