CRAN Package Check Results for Package attrCUSUM

Last updated on 2019-10-14 01:46:18 CEST.

Flavor Version Tinstall Tcheck Ttotal Status Flags
r-devel-linux-x86_64-debian-clang 0.1.0 45.52 47.59 93.11 OK
r-devel-linux-x86_64-debian-gcc 0.1.0 30.79 37.62 68.41 OK
r-devel-linux-x86_64-fedora-clang 0.1.0 119.28 NOTE
r-devel-linux-x86_64-fedora-gcc 0.1.0 114.43 NOTE
r-devel-windows-ix86+x86_64 0.1.0 78.00 92.00 170.00 OK
r-patched-linux-x86_64 0.1.0 35.05 47.03 82.08 OK
r-patched-solaris-x86 0.1.0 138.10 OK
r-release-linux-x86_64 0.1.0 35.10 47.02 82.12 OK
r-release-windows-ix86+x86_64 0.1.0 92.00 115.00 207.00 OK
r-release-osx-x86_64 0.1.0 OK
r-oldrel-windows-ix86+x86_64 0.1.0 63.00 88.00 151.00 OK
r-oldrel-osx-x86_64 0.1.0 OK

Check Details

Version: 0.1.0
Check: compiled code
Result: NOTE
    File ‘attrCUSUM/libs/attrCUSUM.so’:
     Found no calls to: ‘R_registerRoutines’, ‘R_useDynamicSymbols’
    
    It is good practice to register native routines and to disable symbol
    search.
    
    See ‘Writing portable packages’ in the ‘Writing R Extensions’ manual.
Flavors: r-devel-linux-x86_64-fedora-clang, r-devel-linux-x86_64-fedora-gcc