CRAN Package Check Results for Package aurelius

Last updated on 2019-10-23 03:48:22 CEST.

Flavor Version Tinstall Tcheck Ttotal Status Flags
r-devel-linux-x86_64-debian-clang 0.8.4 11.91 90.73 102.64 OK
r-devel-linux-x86_64-debian-gcc 0.8.4 8.68 70.06 78.74 OK
r-devel-linux-x86_64-fedora-clang 0.8.4 121.26 OK
r-devel-linux-x86_64-fedora-gcc 0.8.4 122.69 OK
r-devel-windows-ix86+x86_64 0.8.4 24.00 117.00 141.00 NOTE
r-patched-linux-x86_64 0.8.4 8.77 91.74 100.51 OK
r-patched-solaris-x86 0.8.4 182.60 OK
r-release-linux-x86_64 0.8.4 11.88 90.95 102.83 OK
r-release-windows-ix86+x86_64 0.8.4 25.00 112.00 137.00 NOTE
r-release-osx-x86_64 0.8.4 OK
r-oldrel-windows-ix86+x86_64 0.8.4 17.00 105.00 122.00 NOTE
r-oldrel-osx-x86_64 0.8.4 OK

Check Details

Version: 0.8.4
Check: package dependencies
Result: NOTE
    Package which this enhances but not available for checking: 'rPython'
Flavors: r-devel-windows-ix86+x86_64, r-release-windows-ix86+x86_64, r-oldrel-windows-ix86+x86_64