CRAN Package Check Results for Package bastah

Last updated on 2019-10-20 01:46:44 CEST.

Flavor Version Tinstall Tcheck Ttotal Status Flags
r-devel-linux-x86_64-debian-clang 1.0.7 6.89 55.44 62.33 OK
r-devel-linux-x86_64-debian-gcc 1.0.7 5.98 44.23 50.21 OK
r-devel-linux-x86_64-fedora-clang 1.0.7 75.51 OK
r-devel-linux-x86_64-fedora-gcc 1.0.7 75.01 OK
r-devel-windows-ix86+x86_64 1.0.7 16.00 98.00 114.00 NOTE
r-patched-linux-x86_64 1.0.7 6.28 53.10 59.38 OK
r-patched-solaris-x86 1.0.7 121.10 OK
r-release-linux-x86_64 1.0.7 6.50 54.33 60.83 OK
r-release-windows-ix86+x86_64 1.0.7 14.00 93.00 107.00 NOTE
r-release-osx-x86_64 1.0.7 OK
r-oldrel-windows-ix86+x86_64 1.0.7 8.00 62.00 70.00 NOTE
r-oldrel-osx-x86_64 1.0.7 OK

Check Details

Version: 1.0.7
Check: package dependencies
Result: NOTE
    Packages which this enhances but not available for checking:
     'doMC', 'rPython'
Flavors: r-devel-windows-ix86+x86_64, r-release-windows-ix86+x86_64

Version: 1.0.7
Check: package dependencies
Result: NOTE
    Packages which this enhances but not available for checking:
     'doMC' 'rPython'
Flavor: r-oldrel-windows-ix86+x86_64