CRAN Package Check Results for Package bastah

Last updated on 2020-05-31 01:48:33 CEST.

Flavor Version Tinstall Tcheck Ttotal Status Flags
r-devel-linux-x86_64-debian-clang 1.0.7 7.85 62.45 70.30 NOTE
r-devel-linux-x86_64-debian-gcc 1.0.7 5.47 48.31 53.78 NOTE
r-devel-linux-x86_64-fedora-clang 1.0.7 84.24 NOTE
r-devel-linux-x86_64-fedora-gcc 1.0.7 82.41 NOTE
r-devel-windows-ix86+x86_64 1.0.7 20.00 77.00 97.00 NOTE
r-patched-linux-x86_64 1.0.7 8.24 61.91 70.15 NOTE
r-patched-solaris-x86 1.0.7 128.60 NOTE
r-release-linux-x86_64 1.0.7 8.34 63.02 71.36 NOTE
r-release-osx-x86_64 1.0.7 OK
r-release-windows-ix86+x86_64 1.0.7 15.00 94.00 109.00 NOTE
r-oldrel-osx-x86_64 1.0.7 OK
r-oldrel-windows-ix86+x86_64 1.0.7 14.00 70.00 84.00 NOTE

Check Details

Version: 1.0.7
Check: package dependencies
Result: NOTE
    Package which this enhances but not available for checking: 'rPython'
Flavors: r-devel-linux-x86_64-debian-clang, r-devel-linux-x86_64-debian-gcc, r-devel-linux-x86_64-fedora-clang, r-devel-linux-x86_64-fedora-gcc, r-patched-linux-x86_64, r-patched-solaris-x86, r-release-linux-x86_64

Version: 1.0.7
Check: package dependencies
Result: NOTE
    Packages which this enhances but not available for checking:
     'doMC', 'rPython'
Flavors: r-devel-windows-ix86+x86_64, r-release-windows-ix86+x86_64, r-oldrel-windows-ix86+x86_64