CRAN Package Check Results for Package bayesPop

Last updated on 2019-10-22 01:49:21 CEST.

Flavor Version Tinstall Tcheck Ttotal Status Flags
r-devel-linux-x86_64-debian-clang 7.0-0 17.74 122.66 140.40 NOTE
r-devel-linux-x86_64-debian-gcc 7.0-0 13.33 95.21 108.54 NOTE
r-devel-linux-x86_64-fedora-clang 7.0-0 171.00 NOTE
r-devel-linux-x86_64-fedora-gcc 7.0-0 163.63 NOTE
r-devel-windows-ix86+x86_64 7.0-0 39.00 214.00 253.00 OK
r-patched-linux-x86_64 7.0-0 14.72 119.99 134.71 OK
r-patched-solaris-x86 7.0-0 232.50 OK
r-release-linux-x86_64 7.0-0 16.01 119.87 135.88 OK
r-release-windows-ix86+x86_64 7.0-0 54.00 199.00 253.00 OK
r-release-osx-x86_64 7.0-0 OK
r-oldrel-windows-ix86+x86_64 7.0-0 32.00 182.00 214.00 OK
r-oldrel-osx-x86_64 7.0-0 OK

Check Details

Version: 7.0-0
Check: for non-standard things in the check directory
Result: NOTE
    Found the following files/directories:
     'pop.trajectories'
Flavors: r-devel-linux-x86_64-debian-clang, r-devel-linux-x86_64-debian-gcc, r-devel-linux-x86_64-fedora-clang, r-devel-linux-x86_64-fedora-gcc