CRAN Package Check Results for Package bayesm

Last updated on 2020-05-31 01:48:33 CEST.

Flavor Version Tinstall Tcheck Ttotal Status Flags
r-devel-linux-x86_64-debian-clang 3.1-4 654.37 427.32 1081.69 OK
r-devel-linux-x86_64-debian-gcc 3.1-4 481.50 300.54 782.04 OK
r-devel-linux-x86_64-fedora-clang 3.1-4 1459.44 NOTE
r-devel-linux-x86_64-fedora-gcc 3.1-4 1334.99 OK
r-devel-windows-ix86+x86_64 3.1-4 1520.00 607.00 2127.00 NOTE
r-patched-linux-x86_64 3.1-4 501.79 416.05 917.84 OK
r-patched-solaris-x86 3.1-4 1544.20 NOTE
r-release-linux-x86_64 3.1-4 510.49 419.63 930.12 OK
r-release-osx-x86_64 3.1-4 NOTE
r-release-windows-ix86+x86_64 3.1-4 1198.00 559.00 1757.00 NOTE
r-oldrel-osx-x86_64 3.1-4 NOTE
r-oldrel-windows-ix86+x86_64 3.1-4 1392.00 527.00 1919.00 NOTE

Check Details

Version: 3.1-4
Check: installed package size
Result: NOTE
     installed size is 34.7Mb
     sub-directories of 1Mb or more:
     doc 2.9Mb
     libs 30.3Mb
Flavors: r-devel-linux-x86_64-fedora-clang, r-devel-windows-ix86+x86_64, r-patched-solaris-x86, r-release-osx-x86_64, r-release-windows-ix86+x86_64, r-oldrel-osx-x86_64, r-oldrel-windows-ix86+x86_64