CRAN Package Check Results for Package bayesm

Last updated on 2019-10-17 02:47:18 CEST.

Flavor Version Tinstall Tcheck Ttotal Status Flags
r-devel-linux-x86_64-debian-clang 3.1-4 600.66 417.23 1017.89 OK
r-devel-linux-x86_64-debian-gcc 3.1-4 421.99 292.84 714.83 OK
r-devel-linux-x86_64-fedora-clang 3.1-4 1128.34 NOTE
r-devel-linux-x86_64-fedora-gcc 3.1-4 1068.07 OK
r-devel-windows-ix86+x86_64 3.1-3 1243.00 485.00 1728.00 NOTE
r-patched-linux-x86_64 3.1-4 458.06 402.19 860.25 OK
r-patched-solaris-x86 3.1-4 1343.30 NOTE
r-release-linux-x86_64 3.1-3 461.08 404.00 865.08 OK
r-release-windows-ix86+x86_64 3.1-3 877.00 468.00 1345.00 NOTE
r-release-osx-x86_64 3.1-4 NOTE
r-oldrel-windows-ix86+x86_64 3.1-4 770.00 478.00 1248.00 NOTE
r-oldrel-osx-x86_64 3.1-4 NOTE

Check Details

Version: 3.1-4
Check: installed package size
Result: NOTE
     installed size is 31.3Mb
     sub-directories of 1Mb or more:
     doc 2.9Mb
     libs 26.8Mb
Flavors: r-devel-linux-x86_64-fedora-clang, r-patched-solaris-x86, r-release-osx-x86_64, r-oldrel-windows-ix86+x86_64, r-oldrel-osx-x86_64

Version: 3.1-3
Check: installed package size
Result: NOTE
     installed size is 8.5Mb
     sub-directories of 1Mb or more:
     doc 2.9Mb
     libs 4.1Mb
Flavors: r-devel-windows-ix86+x86_64, r-release-windows-ix86+x86_64