CRAN Package Check Results for Package baystability

Last updated on 2020-06-03 01:50:40 CEST.

Flavor Version Tinstall Tcheck Ttotal Status Flags
r-devel-linux-x86_64-debian-clang 0.1.0 14.39 116.54 130.93 OK
r-devel-linux-x86_64-debian-gcc 0.1.0 11.70 88.61 100.31 OK
r-devel-linux-x86_64-fedora-clang 0.1.0 162.37 NOTE
r-devel-linux-x86_64-fedora-gcc 0.1.0 156.02 NOTE
r-devel-windows-ix86+x86_64 0.1.0 43.00 161.00 204.00 OK
r-patched-linux-x86_64 0.1.0 12.12 114.41 126.53 OK
r-patched-solaris-x86 0.1.0 242.10 NOTE
r-release-linux-x86_64 0.1.0 12.40 114.95 127.35 OK
r-release-osx-x86_64 0.1.0 NOTE
r-release-windows-ix86+x86_64 0.1.0 33.00 112.00 145.00 OK
r-oldrel-osx-x86_64 0.1.0 NOTE
r-oldrel-windows-ix86+x86_64 0.1.0 29.00 116.00 145.00 OK

Check Details

Version: 0.1.0
Check: dependencies in R code
Result: NOTE
    Namespaces in Imports field not imported from:
     ‘ggfortify’ ‘ggplot2’ ‘matrixStats’ ‘reshape2’ ‘scales’
     All declared Imports should be used.
Flavors: r-devel-linux-x86_64-fedora-clang, r-devel-linux-x86_64-fedora-gcc, r-patched-solaris-x86, r-release-osx-x86_64, r-oldrel-osx-x86_64