CRAN Package Check Results for Package bcmaps

Last updated on 2019-10-20 01:46:44 CEST.

Flavor Version Tinstall Tcheck Ttotal Status Flags
r-devel-linux-x86_64-debian-clang 0.18.0 4.84 52.27 57.11 NOTE
r-devel-linux-x86_64-debian-gcc 0.18.0 4.01 41.46 45.47 NOTE
r-devel-linux-x86_64-fedora-clang 0.18.0 70.41 NOTE
r-devel-linux-x86_64-fedora-gcc 0.18.0 75.12 NOTE
r-devel-windows-ix86+x86_64 0.18.0 10.00 61.00 71.00 NOTE
r-patched-linux-x86_64 0.18.0 4.77 50.36 55.13 NOTE
r-patched-solaris-x86 0.18.0 110.20 NOTE
r-release-linux-x86_64 0.18.0 4.62 51.61 56.23 NOTE
r-release-windows-ix86+x86_64 0.18.0 9.00 103.00 112.00 NOTE
r-release-osx-x86_64 0.18.0 NOTE
r-oldrel-windows-ix86+x86_64 0.18.0 6.00 69.00 75.00 NOTE
r-oldrel-osx-x86_64 0.18.0 NOTE

Check Details

Version: 0.18.0
Check: package dependencies
Result: NOTE
    Package suggested but not available for checking: 'bcmapsdata'
Flavors: r-devel-linux-x86_64-debian-clang, r-devel-linux-x86_64-debian-gcc, r-devel-linux-x86_64-fedora-clang, r-devel-linux-x86_64-fedora-gcc, r-patched-linux-x86_64, r-patched-solaris-x86, r-release-linux-x86_64, r-release-osx-x86_64, r-oldrel-osx-x86_64

Version: 0.18.0
Check: package dependencies
Result: NOTE
    Packages suggested but not available for checking: 'bcmapsdata', 'doMC'
Flavors: r-devel-windows-ix86+x86_64, r-release-windows-ix86+x86_64

Version: 0.18.0
Check: package dependencies
Result: NOTE
    Packages suggested but not available for checking: 'bcmapsdata' 'doMC'
Flavor: r-oldrel-windows-ix86+x86_64