CRAN Package Check Results for Package bcmaps

Last updated on 2020-06-03 01:50:40 CEST.

Flavor Version Tinstall Tcheck Ttotal Status Flags
r-devel-linux-x86_64-debian-clang 0.18.1 5.00 61.96 66.96 NOTE
r-devel-linux-x86_64-debian-gcc 0.18.1 3.83 48.08 51.91 NOTE
r-devel-linux-x86_64-fedora-clang 0.18.1 90.43 NOTE
r-devel-linux-x86_64-fedora-gcc 0.18.1 79.72 NOTE
r-devel-windows-ix86+x86_64 0.18.1 14.00 120.00 134.00 NOTE
r-patched-linux-x86_64 0.18.1 5.21 61.18 66.39 NOTE
r-patched-solaris-x86 0.18.1 149.10 NOTE
r-release-linux-x86_64 0.18.1 5.56 61.44 67.00 NOTE
r-release-osx-x86_64 0.18.1 NOTE
r-release-windows-ix86+x86_64 0.18.1 11.00 84.00 95.00 NOTE
r-oldrel-osx-x86_64 0.18.1 NOTE
r-oldrel-windows-ix86+x86_64 0.18.1 10.00 88.00 98.00 NOTE

Check Details

Version: 0.18.1
Check: package dependencies
Result: NOTE
    Package suggested but not available for checking: 'bcmapsdata'
Flavors: r-devel-linux-x86_64-debian-clang, r-devel-linux-x86_64-debian-gcc, r-devel-linux-x86_64-fedora-clang, r-devel-linux-x86_64-fedora-gcc, r-devel-windows-ix86+x86_64, r-patched-linux-x86_64, r-patched-solaris-x86, r-release-linux-x86_64, r-release-osx-x86_64, r-release-windows-ix86+x86_64, r-oldrel-osx-x86_64, r-oldrel-windows-ix86+x86_64