CRAN Package Check Results for Package beanz

Last updated on 2020-05-25 01:48:47 CEST.

Flavor Version Tinstall Tcheck Ttotal Status Flags
r-devel-linux-x86_64-debian-clang 2.4 726.70 206.71 933.41 NOTE
r-devel-linux-x86_64-debian-gcc 2.4 635.25 174.83 810.08 NOTE
r-devel-linux-x86_64-fedora-clang 2.4 1273.38 NOTE
r-devel-linux-x86_64-fedora-gcc 2.4 1433.91 NOTE
r-devel-windows-ix86+x86_64 2.4 1613.00 433.00 2046.00 NOTE
r-patched-linux-x86_64 2.4 685.53 232.47 918.00 NOTE
r-patched-solaris-x86 2.4 1166.70 NOTE
r-release-linux-x86_64 2.4 699.18 227.36 926.54 NOTE
r-release-osx-x86_64 2.4 NOTE
r-release-windows-ix86+x86_64 2.4 1330.00 440.00 1770.00 NOTE
r-oldrel-osx-x86_64 2.4 FAIL
r-oldrel-windows-ix86+x86_64 2.4 1248.00 423.00 1671.00 NOTE

Check Details

Version: 2.4
Check: for GNU extensions in Makefiles
Result: NOTE
    GNU make is a SystemRequirements.
Flavors: r-devel-linux-x86_64-debian-clang, r-devel-linux-x86_64-debian-gcc, r-devel-linux-x86_64-fedora-clang, r-devel-linux-x86_64-fedora-gcc, r-devel-windows-ix86+x86_64, r-patched-linux-x86_64, r-patched-solaris-x86, r-release-linux-x86_64, r-release-osx-x86_64, r-release-windows-ix86+x86_64, r-oldrel-osx-x86_64, r-oldrel-windows-ix86+x86_64

Version: 2.4
Check: installed package size
Result: NOTE
     installed size is 108.9Mb
     sub-directories of 1Mb or more:
     libs 107.4Mb
Flavors: r-devel-linux-x86_64-fedora-clang, r-devel-windows-ix86+x86_64, r-patched-solaris-x86, r-release-osx-x86_64, r-release-windows-ix86+x86_64, r-oldrel-osx-x86_64, r-oldrel-windows-ix86+x86_64

Version: 2.4
Check: dependencies in R code
Result: NOTE
    Namespace in Imports field not imported from: ‘rstantools’
     All declared Imports should be used.
Flavors: r-devel-linux-x86_64-fedora-clang, r-devel-linux-x86_64-fedora-gcc, r-patched-solaris-x86, r-release-osx-x86_64, r-oldrel-osx-x86_64

Version: 2.4
Check: re-building of vignette outputs
Result: WARN
    Error(s) in re-building vignettes:
     ...
    --- re-building ‘beanz_vignettes.Rmd’ using rmarkdown
    Warning in engine$weave(file, quiet = quiet, encoding = enc) :
     Pandoc (>= 1.12.3) and/or pandoc-citeproc not available. Falling back to R Markdown v1.
    
    Execution halted
Flavor: r-oldrel-osx-x86_64

Version: 2.4
Check: PDF version of manual
Result: FAIL
Flavor: r-oldrel-osx-x86_64