CRAN Package Check Results for Package bhrcr

Last updated on 2019-10-13 01:46:09 CEST.

Flavor Version Tinstall Tcheck Ttotal Status Flags
r-devel-linux-x86_64-debian-clang 1.0.3 14.52 118.32 132.84 NOTE
r-devel-linux-x86_64-debian-gcc 1.0.3 12.67 91.10 103.77 NOTE
r-devel-linux-x86_64-fedora-clang 1.0.3 157.52 NOTE
r-devel-linux-x86_64-fedora-gcc 1.0.3 155.81 NOTE
r-devel-windows-ix86+x86_64 1.0.3 32.00 120.00 152.00 OK
r-patched-linux-x86_64 1.0.3 14.72 113.89 128.61 OK
r-patched-solaris-x86 1.0.3 222.10 OK
r-release-linux-x86_64 1.0.3 13.63 114.03 127.66 OK
r-release-windows-ix86+x86_64 1.0.3 37.00 169.00 206.00 OK
r-release-osx-x86_64 1.0.3 OK
r-oldrel-windows-ix86+x86_64 1.0.3 15.00 127.00 142.00 OK
r-oldrel-osx-x86_64 1.0.3 OK

Check Details

Version: 1.0.3
Check: for non-standard things in the check directory
Result: NOTE
    Found the following files/directories:
     'PceEstimates' 'mcmcDiagnostics' 'output.csv' 'plots'
Flavors: r-devel-linux-x86_64-debian-clang, r-devel-linux-x86_64-debian-gcc, r-devel-linux-x86_64-fedora-clang, r-devel-linux-x86_64-fedora-gcc