CRAN Package Check Results for Package bigreadr

Last updated on 2019-10-19 01:50:08 CEST.

Flavor Version Tinstall Tcheck Ttotal Status Flags
r-devel-linux-x86_64-debian-clang 0.1.11 18.32 28.09 46.41 OK
r-devel-linux-x86_64-debian-gcc 0.2.0 10.83 22.91 33.74 OK
r-devel-linux-x86_64-fedora-clang 0.2.0 63.28 OK
r-devel-linux-x86_64-fedora-gcc 0.2.0 59.08 OK
r-devel-windows-ix86+x86_64 0.1.11 30.00 121.00 151.00 OK
r-patched-linux-x86_64 0.1.11 13.03 27.46 40.49 ERROR
r-patched-solaris-x86 0.2.0 68.50 OK
r-release-linux-x86_64 0.1.11 12.47 27.68 40.15 OK
r-release-windows-ix86+x86_64 0.2.0 42.00 152.00 194.00 OK
r-release-osx-x86_64 0.1.11 OK
r-oldrel-windows-ix86+x86_64 0.1.10 29.00 117.00 146.00 OK
r-oldrel-osx-x86_64 0.1.11 OK

Check Details

Version: 0.1.11
Check: tests
Result: ERROR
     Running ‘spelling.R’ [0s/1s]
     Running ‘testthat.R’ [4s/6s]
    Running the tests in ‘tests/testthat.R’ failed.
    Complete output:
     > library(testthat)
     > library(bigreadr)
     >
     > test_check("bigreadr")
     ── 1. Failure: 'split_file()' works (@test-split.R#26) ────────────────────────
     sum(sapply(files, nlines)) not identical to nlines(tmp).
     1/1 mismatches
     [1] 25 - 24 == 1
    
     ── 2. Failure: 'split_file()' works (@test-split.R#26) ────────────────────────
     sum(sapply(files, nlines)) not identical to nlines(tmp).
     1/1 mismatches
     [1] 25 - 24 == 1
    
     ── 3. Failure: 'split_file()' works (@test-split.R#26) ────────────────────────
     sum(sapply(files, nlines)) not identical to nlines(tmp).
     1/1 mismatches
     [1] 26 - 24 == 2
    
     ══ testthat results ═══════════════════════════════════════════════════════════
     [ OK: 312 | SKIPPED: 0 | WARNINGS: 0 | FAILED: 3 ]
     1. Failure: 'split_file()' works (@test-split.R#26)
     2. Failure: 'split_file()' works (@test-split.R#26)
     3. Failure: 'split_file()' works (@test-split.R#26)
    
     Error: testthat unit tests failed
     Execution halted
Flavor: r-patched-linux-x86_64