CRAN Package Check Results for Package bioRad

Last updated on 2020-06-03 01:50:41 CEST.

Flavor Version Tinstall Tcheck Ttotal Status Flags
r-devel-linux-x86_64-debian-clang 0.5.2 20.84 290.81 311.65 OK
r-devel-linux-x86_64-debian-gcc 0.5.2 18.72 215.58 234.30 OK
r-devel-linux-x86_64-fedora-clang 0.5.2 367.71 NOTE
r-devel-linux-x86_64-fedora-gcc 0.5.2 360.57 OK
r-devel-windows-ix86+x86_64 0.5.2 57.00 441.00 498.00 NOTE
r-patched-linux-x86_64 0.5.2 21.81 286.69 308.50 OK
r-patched-solaris-x86 0.5.2 524.50 NOTE
r-release-linux-x86_64 0.5.2 20.63 288.00 308.63 OK
r-release-osx-x86_64 0.5.2 NOTE
r-release-windows-ix86+x86_64 0.5.2 50.00 329.00 379.00 NOTE
r-oldrel-osx-x86_64 0.5.2 NOTE
r-oldrel-windows-ix86+x86_64 0.5.2 38.00 341.00 379.00 NOTE

Check Details

Version: 0.5.2
Check: installed package size
Result: NOTE
     installed size is 5.7Mb
     sub-directories of 1Mb or more:
     data 1.6Mb
     doc 1.2Mb
     extdata 1.7Mb
Flavors: r-devel-linux-x86_64-fedora-clang, r-devel-windows-ix86+x86_64, r-patched-solaris-x86, r-release-osx-x86_64, r-release-windows-ix86+x86_64, r-oldrel-osx-x86_64, r-oldrel-windows-ix86+x86_64