CRAN Package Check Results for Package biomartr

Last updated on 2019-10-23 03:48:23 CEST.

Flavor Version Tinstall Tcheck Ttotal Status Flags
r-devel-linux-x86_64-debian-clang 0.9.0 24.56 177.94 202.50 OK
r-devel-linux-x86_64-debian-gcc 0.9.0 20.69 138.33 159.02 OK
r-devel-linux-x86_64-fedora-clang 0.9.0 245.01 NOTE
r-devel-linux-x86_64-fedora-gcc 0.9.0 235.84 NOTE
r-devel-windows-ix86+x86_64 0.9.0 38.00 187.00 225.00 OK
r-patched-linux-x86_64 0.9.0 19.81 165.63 185.44 OK
r-patched-solaris-x86 0.9.0 331.70 NOTE
r-release-linux-x86_64 0.9.0 21.83 164.95 186.78 OK
r-release-windows-ix86+x86_64 0.9.0 59.00 256.00 315.00 OK
r-release-osx-x86_64 0.9.0 NOTE
r-oldrel-windows-ix86+x86_64 0.9.0 38.00 234.00 272.00 OK
r-oldrel-osx-x86_64 0.9.0 NOTE

Check Details

Version: 0.9.0
Check: dependencies in R code
Result: NOTE
    Namespace in Imports field not imported from: ‘fs’
     All declared Imports should be used.
Flavors: r-devel-linux-x86_64-fedora-clang, r-devel-linux-x86_64-fedora-gcc, r-patched-solaris-x86, r-release-osx-x86_64, r-oldrel-osx-x86_64