CRAN Package Check Results for Package biomartr

Last updated on 2020-06-07 01:48:08 CEST.

Flavor Version Tinstall Tcheck Ttotal Status Flags
r-devel-linux-x86_64-debian-clang 0.9.2 24.24 208.14 232.38 OK
r-devel-linux-x86_64-debian-gcc 0.9.2 21.43 157.57 179.00 OK
r-devel-linux-x86_64-fedora-clang 0.9.2 289.79 NOTE
r-devel-linux-x86_64-fedora-gcc 0.9.2 274.00 NOTE
r-devel-windows-ix86+x86_64 0.9.2 72.00 282.00 354.00 OK
r-patched-linux-x86_64 0.9.2 23.37 202.87 226.24 OK
r-patched-solaris-x86 0.9.2 403.00 NOTE
r-release-linux-x86_64 0.9.2 25.52 206.23 231.75 OK
r-release-osx-x86_64 0.9.2 NOTE
r-release-windows-ix86+x86_64 0.9.2 69.00 304.00 373.00 OK
r-oldrel-osx-x86_64 0.9.2 NOTE
r-oldrel-windows-ix86+x86_64 0.9.2 63.00 263.00 326.00 OK

Check Details

Version: 0.9.2
Check: dependencies in R code
Result: NOTE
    Namespace in Imports field not imported from: ‘fs’
     All declared Imports should be used.
Flavors: r-devel-linux-x86_64-fedora-clang, r-devel-linux-x86_64-fedora-gcc, r-patched-solaris-x86, r-release-osx-x86_64, r-oldrel-osx-x86_64