CRAN Package Check Results for Package biva

Last updated on 2019-10-19 01:50:08 CEST.

Flavor Version Tinstall Tcheck Ttotal Status Flags
r-devel-linux-x86_64-debian-clang 0.1.0 1.95 16.06 18.01 OK
r-devel-linux-x86_64-debian-gcc 0.1.0 1.59 13.25 14.84 OK
r-devel-linux-x86_64-fedora-clang 0.1.0 23.03 NOTE
r-devel-linux-x86_64-fedora-gcc 0.1.0 22.64 NOTE
r-devel-windows-ix86+x86_64 0.1.0 13.00 28.00 41.00 OK
r-patched-linux-x86_64 0.1.0 1.56 15.71 17.27 OK
r-patched-solaris-x86 0.1.0 35.00 NOTE
r-release-linux-x86_64 0.1.0 1.56 15.85 17.41 OK
r-release-windows-ix86+x86_64 0.1.0 5.00 28.00 33.00 OK
r-release-osx-x86_64 0.1.0 NOTE
r-oldrel-windows-ix86+x86_64 0.1.0 2.00 26.00 28.00 OK
r-oldrel-osx-x86_64 0.1.0 NOTE

Check Details

Version: 0.1.0
Check: dependencies in R code
Result: NOTE
    Namespaces in Imports field not imported from:
     ‘corrgram’ ‘rpivotTable’ ‘shinyAce’
     All declared Imports should be used.
Flavors: r-devel-linux-x86_64-fedora-clang, r-devel-linux-x86_64-fedora-gcc, r-patched-solaris-x86, r-release-osx-x86_64, r-oldrel-osx-x86_64