CRAN Package Check Results for Package biva

Last updated on 2020-05-28 01:53:12 CEST.

Flavor Version Tinstall Tcheck Ttotal Status Flags
r-devel-linux-x86_64-debian-clang 0.1.0 2.04 18.01 20.05 OK
r-devel-linux-x86_64-debian-gcc 0.1.0 1.68 14.25 15.93 OK
r-devel-linux-x86_64-fedora-clang 0.1.0 24.86 NOTE
r-devel-linux-x86_64-fedora-gcc 0.1.0 23.09 NOTE
r-devel-windows-ix86+x86_64 0.1.0 11.00 41.00 52.00 OK
r-patched-linux-x86_64 0.1.0 2.04 17.83 19.87 OK
r-patched-solaris-x86 0.1.0 37.70 NOTE
r-release-linux-x86_64 0.1.0 2.05 17.70 19.75 OK
r-release-osx-x86_64 0.1.0 NOTE
r-release-windows-ix86+x86_64 0.1.0 16.00 46.00 62.00 OK
r-oldrel-osx-x86_64 0.1.0 NOTE
r-oldrel-windows-ix86+x86_64 0.1.0 5.00 30.00 35.00 OK

Check Details

Version: 0.1.0
Check: dependencies in R code
Result: NOTE
    Namespaces in Imports field not imported from:
     ‘corrgram’ ‘rpivotTable’ ‘shinyAce’
     All declared Imports should be used.
Flavors: r-devel-linux-x86_64-fedora-clang, r-devel-linux-x86_64-fedora-gcc, r-patched-solaris-x86, r-release-osx-x86_64, r-oldrel-osx-x86_64