CRAN Package Check Results for Package blink

Last updated on 2019-10-22 01:49:22 CEST.

Flavor Version Tinstall Tcheck Ttotal Status Flags
r-devel-linux-x86_64-debian-clang 0.1.0 8.82 243.70 252.52 NOTE
r-devel-linux-x86_64-debian-gcc 0.1.0 8.36 178.20 186.56 NOTE
r-devel-linux-x86_64-fedora-clang 0.1.0 298.38 NOTE
r-devel-linux-x86_64-fedora-gcc 0.1.0 292.94 NOTE
r-devel-windows-ix86+x86_64 0.1.0 24.00 242.00 266.00 NOTE
r-patched-linux-x86_64 0.1.0 7.20 246.62 253.82 OK
r-patched-solaris-x86 0.1.0 427.60 OK
r-release-linux-x86_64 0.1.0 9.54 250.08 259.62 OK
r-release-windows-ix86+x86_64 0.1.0 37.00 238.00 275.00 OK
r-release-osx-x86_64 0.1.0 OK
r-oldrel-windows-ix86+x86_64 0.1.0 15.00 246.00 261.00 OK
r-oldrel-osx-x86_64 0.1.0 OK

Check Details

Version: 0.1.0
Check: package vignettes
Result: NOTE
    Package vignette with placeholder title 'Vignette Title':
     'introEBLink.Rmd'
Flavors: r-devel-linux-x86_64-debian-clang, r-devel-linux-x86_64-debian-gcc, r-devel-windows-ix86+x86_64

Version: 0.1.0
Check: for non-standard things in the check directory
Result: NOTE
    Found the following files/directories:
     'lambda-20191020-210653.txt'
Flavor: r-devel-linux-x86_64-debian-clang

Version: 0.1.0
Check: for non-standard things in the check directory
Result: NOTE
    Found the following files/directories:
     ‘lambda-20191021-192105.txt’
Flavor: r-devel-linux-x86_64-debian-gcc

Version: 0.1.0
Check: for non-standard things in the check directory
Result: NOTE
    Found the following files/directories:
     ‘lambda-20191021-101044.txt’
Flavor: r-devel-linux-x86_64-fedora-clang

Version: 0.1.0
Check: for non-standard things in the check directory
Result: NOTE
    Found the following files/directories:
     ‘lambda-20191021-085136.txt’
Flavor: r-devel-linux-x86_64-fedora-gcc