CRAN Package Check Results for Package bpca

Last updated on 2019-06-16 01:46:26 CEST.

Flavor Version Tinstall Tcheck Ttotal Status Flags
r-devel-linux-x86_64-debian-clang 1.3-0 4.18 40.87 45.05 OK
r-devel-linux-x86_64-debian-gcc 1.3-0 3.34 32.84 36.18 OK
r-devel-linux-x86_64-fedora-clang 1.3-0 53.93 OK
r-devel-linux-x86_64-fedora-gcc 1.3-0 52.88 OK
r-devel-windows-ix86+x86_64 1.3-0 16.00 65.00 81.00 OK
r-patched-linux-x86_64 1.3-0 4.40 40.94 45.34 OK
r-patched-solaris-x86 1.3-0 80.60 OK
r-release-linux-x86_64 1.3-0 3.93 40.54 44.47 OK
r-release-windows-ix86+x86_64 1.3-0 10.00 99.00 109.00 OK
r-release-osx-x86_64 1.3-0 WARN
r-oldrel-windows-ix86+x86_64 1.3-0 7.00 93.00 100.00 OK
r-oldrel-osx-x86_64 1.3-0 WARN

Check Details

Version: 1.3-0
Check: whether package can be installed
Result: WARN
    Found the following significant warnings:
     Warning: 'rgl_init' failed, running with rgl.useNULL = TRUE
Flavors: r-release-osx-x86_64, r-oldrel-osx-x86_64