CRAN Package Check Results for Package brainR

Last updated on 2019-10-18 01:46:21 CEST.

Flavor Version Tinstall Tcheck Ttotal Status Flags
r-devel-linux-x86_64-debian-clang 1.5.1 6.56 44.46 51.02 NOTE
r-devel-linux-x86_64-debian-gcc 1.5.1 5.04 35.98 41.02 NOTE
r-devel-linux-x86_64-fedora-clang 1.5.1 60.54 NOTE
r-devel-linux-x86_64-fedora-gcc 1.5.1 62.18 NOTE
r-devel-windows-ix86+x86_64 1.5.1 29.00 55.00 84.00 OK
r-patched-linux-x86_64 1.5.1 5.75 43.90 49.65 OK
r-patched-solaris-x86 1.5.1 88.50 OK
r-release-linux-x86_64 1.5.1 6.37 44.37 50.74 OK
r-release-windows-ix86+x86_64 1.5.1 13.00 59.00 72.00 OK
r-release-osx-x86_64 1.5.1 WARN
r-oldrel-windows-ix86+x86_64 1.5.1 10.00 57.00 67.00 OK
r-oldrel-osx-x86_64 1.5.1 OK

Check Details

Version: 1.5.1
Check: for non-standard things in the check directory
Result: NOTE
    Found the following files/directories:
     'MNI152_T1_8mm_brain.stl' 'Visit_1_8mm.stl' 'Visit_1_8mm_1.stl'
     'Visit_2_8mm.stl' 'Visit_2_8mm_1.stl' 'Visit_3_8mm.stl'
     'Visit_3_8mm_1.stl' 'Visit_4_8mm.stl' 'Visit_4_8mm_1.stl'
     'Visit_5_8mm.stl' 'Visit_5_8mm_1.stl' 'brain.stl' 'index_4D_stl.html'
     'xtk_edge.js' 'xtk_xdat.gui.js'
Flavors: r-devel-linux-x86_64-debian-clang, r-devel-linux-x86_64-debian-gcc, r-devel-linux-x86_64-fedora-clang, r-devel-linux-x86_64-fedora-gcc

Version: 1.5.1
Check: whether package can be installed
Result: WARN
    Found the following significant warnings:
     Warning: 'rgl_init' failed, running with rgl.useNULL = TRUE
Flavor: r-release-osx-x86_64