CRAN Package Check Results for Package breakDown

Last updated on 2019-11-21 00:49:52 CET.

Flavor Version Tinstall Tcheck Ttotal Status Flags
r-devel-linux-x86_64-debian-clang 0.1.6 3.66 489.62 493.28 OK
r-devel-linux-x86_64-debian-gcc 0.1.6 3.38 392.71 396.09 OK
r-devel-linux-x86_64-fedora-clang 0.1.6 612.35 OK
r-devel-linux-x86_64-fedora-gcc 0.1.6 590.40 OK
r-devel-windows-ix86+x86_64 0.1.6 20.00 568.00 588.00 OK
r-devel-windows-ix86+x86_64-gcc8 0.1.6 13.00 479.00 492.00 OK
r-patched-linux-x86_64 0.1.6 3.03 477.78 480.81 OK
r-patched-solaris-x86 0.1.6 2769.20 WARN
r-release-linux-x86_64 0.1.6 3.44 484.14 487.58 OK
r-release-windows-ix86+x86_64 0.1.6 20.00 578.00 598.00 OK
r-release-osx-x86_64 0.1.6 OK
r-oldrel-windows-ix86+x86_64 0.1.6 7.00 469.00 476.00 OK
r-oldrel-osx-x86_64 0.1.6 OK

Check Details

Version: 0.1.6
Check: re-building of vignette outputs
Result: WARN
    Error(s) in re-building vignettes:
     ...
    --- re-building ‘break_caret.Rmd’ using rmarkdown
    Warning in engine$weave(file, quiet = quiet, encoding = enc) :
     Pandoc (>= 1.12.3) and/or pandoc-citeproc not available. Falling back to R Markdown v1.
    Loading required package: lattice
    Loading required package: ggplot2
    --- finished re-building ‘break_caret.Rmd’
    
    --- re-building ‘break_glm.Rmd’ using rmarkdown
    Warning in engine$weave(file, quiet = quiet, encoding = enc) :
     Pandoc (>= 1.12.3) and/or pandoc-citeproc not available. Falling back to R Markdown v1.
    --- finished re-building ‘break_glm.Rmd’
    
    --- re-building ‘break_lm.Rmd’ using rmarkdown
    Warning in engine$weave(file, quiet = quiet, encoding = enc) :
     Pandoc (>= 1.12.3) and/or pandoc-citeproc not available. Falling back to R Markdown v1.
    --- finished re-building ‘break_lm.Rmd’
    
    --- re-building ‘break_randomForest.Rmd’ using rmarkdown
    Warning in engine$weave(file, quiet = quiet, encoding = enc) :
     Pandoc (>= 1.12.3) and/or pandoc-citeproc not available. Falling back to R Markdown v1.
    --- finished re-building ‘break_randomForest.Rmd’
    
    Cpu Limit Exceeded - core dumped
    --- re-building ‘break_ranger.Rmd’ using rmarkdown
    Warning in engine$weave(file, quiet = quiet, encoding = enc) :
     Pandoc (>= 1.12.3) and/or pandoc-citeproc not available. Falling back to R Markdown v1.
    --- re-building ‘break_svm.Rmd’ using rmarkdown
    Warning in engine$weave(file, quiet = quiet, encoding = enc) :
     Pandoc (>= 1.12.3) and/or pandoc-citeproc not available. Falling back to R Markdown v1.
    --- finished re-building ‘break_svm.Rmd’
    
    --- re-building ‘break_xgboost.Rmd’ using rmarkdown
    Warning in engine$weave(file, quiet = quiet, encoding = enc) :
     Pandoc (>= 1.12.3) and/or pandoc-citeproc not available. Falling back to R Markdown v1.
    --- finished re-building ‘break_xgboost.Rmd’
    
    SUMMARY: processing the following file failed:
     ‘break_ranger.Rmd’
    
    Error: Vignette re-building failed.
    Execution halted
Flavor: r-patched-solaris-x86