CRAN Package Check Results for Package bsplus

Last updated on 2020-09-15 02:53:11 CEST.

Flavor Version Tinstall Tcheck Ttotal Status Flags
r-devel-linux-x86_64-debian-clang 0.1.2 4.18 37.84 42.02 OK
r-devel-linux-x86_64-debian-gcc 0.1.2 2.81 29.28 32.09 OK
r-devel-linux-x86_64-fedora-clang 0.1.2 60.98 NOTE
r-devel-linux-x86_64-fedora-gcc 0.1.2 51.25 NOTE
r-devel-windows-ix86+x86_64 0.1.2 8.00 63.00 71.00 OK
r-patched-linux-x86_64 0.1.2 4.54 37.23 41.77 OK
r-patched-solaris-x86 0.1.2 75.10 NOTE
r-release-linux-x86_64 0.1.2 4.45 38.42 42.87 OK
r-release-macos-x86_64 0.1.2 NOTE
r-release-windows-ix86+x86_64 0.1.2 8.00 64.00 72.00 OK
r-oldrel-macos-x86_64 0.1.2 NOTE
r-oldrel-windows-ix86+x86_64 0.1.2 5.00 69.00 74.00 OK

Check Details

Version: 0.1.2
Check: dependencies in R code
Result: NOTE
    Namespace in Imports field not imported from: ‘methods’
     All declared Imports should be used.
Flavors: r-devel-linux-x86_64-fedora-clang, r-devel-linux-x86_64-fedora-gcc, r-patched-solaris-x86, r-release-macos-x86_64, r-oldrel-macos-x86_64