CRAN Package Check Results for Package ca

Last updated on 2020-05-30 02:02:29 CEST.

Flavor Version Tinstall Tcheck Ttotal Status Flags
r-devel-linux-x86_64-debian-clang 0.71.1 8.52 39.14 47.66 OK
r-devel-linux-x86_64-debian-gcc 0.71.1 6.23 30.38 36.61 OK
r-devel-linux-x86_64-fedora-clang 0.71.1 55.32 OK
r-devel-linux-x86_64-fedora-gcc 0.71.1 54.57 OK
r-devel-windows-ix86+x86_64 0.71.1 14.00 63.00 77.00 OK
r-patched-linux-x86_64 0.71.1 8.31 39.27 47.58 OK
r-patched-solaris-x86 0.71.1 72.80 OK
r-release-linux-x86_64 0.71.1 8.51 39.91 48.42 OK
r-release-osx-x86_64 0.71.1 OK
r-release-windows-ix86+x86_64 0.71.1 10.00 64.00 74.00 OK
r-oldrel-osx-x86_64 0.71.1 NOTE
r-oldrel-windows-ix86+x86_64 0.71.1 13.00 46.00 59.00 OK

Check Details

Version: 0.71.1
Check: dependencies in R code
Result: NOTE
    No protocol specified
Flavor: r-oldrel-osx-x86_64