CRAN Package Check Results for Package catdata

Last updated on 2019-10-22 01:49:23 CEST.

Flavor Version Tinstall Tcheck Ttotal Status Flags
r-devel-linux-x86_64-debian-clang 1.2.1 2.31 280.87 283.18 NOTE
r-devel-linux-x86_64-debian-gcc 1.2.1 1.74 224.62 226.36 NOTE
r-devel-linux-x86_64-fedora-clang 1.2.1 370.92 NOTE
r-devel-linux-x86_64-fedora-gcc 1.2.1 356.57 NOTE
r-devel-windows-ix86+x86_64 1.2.1 13.00 280.00 293.00 OK
r-patched-linux-x86_64 1.2.1 2.08 276.12 278.20 NOTE
r-patched-solaris-x86 1.2.1 231.00 NOTE
r-release-linux-x86_64 1.2.1 2.02 273.77 275.79 NOTE
r-release-windows-ix86+x86_64 1.2.1 10.00 188.00 198.00 OK
r-release-osx-x86_64 1.2.1 NOTE
r-oldrel-windows-ix86+x86_64 1.2.1 6.00 155.00 161.00 OK
r-oldrel-osx-x86_64 1.2.1 OK

Check Details

Version: 1.2.1
Check: package dependencies
Result: NOTE
    Package suggested but not available for checking: 'lqa'
Flavors: r-devel-linux-x86_64-debian-clang, r-devel-linux-x86_64-debian-gcc, r-devel-linux-x86_64-fedora-clang, r-devel-linux-x86_64-fedora-gcc, r-patched-linux-x86_64, r-patched-solaris-x86, r-release-linux-x86_64, r-release-osx-x86_64