CRAN Package Check Results for Package cbsodataR

Last updated on 2019-10-22 01:49:23 CEST.

Flavor Version Tinstall Tcheck Ttotal Status Flags
r-devel-linux-x86_64-debian-clang 0.3.4 2.85 26.63 29.48 WARN
r-devel-linux-x86_64-debian-gcc 0.3.4 2.28 22.22 24.50 OK
r-devel-linux-x86_64-fedora-clang 0.3.4 35.13 WARN
r-devel-linux-x86_64-fedora-gcc 0.3.4 35.43 OK
r-devel-windows-ix86+x86_64 0.3.4 10.00 45.00 55.00 OK
r-patched-linux-x86_64 0.3.4 2.48 26.80 29.28 OK
r-patched-solaris-x86 0.3.4 53.30 OK
r-release-linux-x86_64 0.3.4 2.56 27.19 29.75 OK
r-release-windows-ix86+x86_64 0.3.4 12.00 56.00 68.00 WARN
r-release-osx-x86_64 0.3.4 OK
r-oldrel-windows-ix86+x86_64 0.3.4 3.00 37.00 40.00 WARN
r-oldrel-osx-x86_64 0.3.4 OK

Check Details

Version: 0.3.4
Check: re-building of vignette outputs
Result: WARN
    Error(s) in re-building vignettes:
     ...
    --- re-building 'cbsodataR.Rmd' using rmarkdown
    Quitting from lines 64-67 (cbsodataR.Rmd)
    Error: processing vignette 'cbsodataR.Rmd' failed with diagnostics:
    cannot open the connection to 'http://opendata.cbs.nl/deeplinkservice/deeplink/193CB'
    --- failed re-building 'cbsodataR.Rmd'
    
    SUMMARY: processing the following file failed:
     'cbsodataR.Rmd'
    
    Error: Vignette re-building failed.
    Execution halted
Flavor: r-devel-linux-x86_64-debian-clang

Version: 0.3.4
Check: re-building of vignette outputs
Result: WARN
    Error(s) in re-building vignettes:
    --- re-building ‘cbsodataR.Rmd’ using rmarkdown
    Quitting from lines 64-67 (cbsodataR.Rmd)
    Error: processing vignette 'cbsodataR.Rmd' failed with diagnostics:
    cannot open the connection to 'http://opendata.cbs.nl/deeplinkservice/deeplink/193CB'
    --- failed re-building ‘cbsodataR.Rmd’
    
    SUMMARY: processing the following file failed:
     ‘cbsodataR.Rmd’
    
    Error: Vignette re-building failed.
    Execution halted
Flavor: r-devel-linux-x86_64-fedora-clang

Version: 0.3.4
Check: re-building of vignette outputs
Result: WARN
    Error(s) in re-building vignettes:
    --- re-building 'cbsodataR.Rmd' using rmarkdown
    Quitting from lines 64-67 (cbsodataR.Rmd)
    Error: processing vignette 'cbsodataR.Rmd' failed with diagnostics:
    cannot open the connection
    --- failed re-building 'cbsodataR.Rmd'
    
    SUMMARY: processing the following file failed:
     'cbsodataR.Rmd'
    
    Error: Vignette re-building failed.
    Execution halted
Flavor: r-release-windows-ix86+x86_64

Version: 0.3.4
Check: re-building of vignette outputs
Result: WARN
    Error in re-building vignettes:
     ...
    Quitting from lines 28-35 (cbsodataR.Rmd)
    Error: processing vignette 'cbsodataR.Rmd' failed with diagnostics:
    cannot open the connection
    Execution halted
Flavor: r-oldrel-windows-ix86+x86_64