CRAN Package Check Results for Package ccaPP

Last updated on 2020-05-30 02:02:29 CEST.

Flavor Version Tinstall Tcheck Ttotal Status Flags
r-devel-linux-x86_64-debian-clang 0.3.3 76.98 35.08 112.06 OK --no-vignettes
r-devel-linux-x86_64-debian-gcc 0.3.3 53.21 28.89 82.10 OK --no-vignettes
r-devel-linux-x86_64-fedora-clang 0.3.3 200.38 NOTE
r-devel-linux-x86_64-fedora-gcc 0.3.3 186.25 OK
r-devel-windows-ix86+x86_64 0.3.3 185.00 144.00 329.00 OK
r-patched-linux-x86_64 0.3.3 59.67 35.82 95.49 OK --no-vignettes
r-patched-solaris-x86 0.3.3 138.40 OK --no-vignettes
r-release-linux-x86_64 0.3.3 60.57 35.85 96.42 OK --no-vignettes
r-release-osx-x86_64 0.3.3 NOTE
r-release-windows-ix86+x86_64 0.3.3 142.00 115.00 257.00 OK
r-oldrel-osx-x86_64 0.3.3 OK
r-oldrel-windows-ix86+x86_64 0.3.3 167.00 112.00 279.00 OK

Check Details

Version: 0.3.3
Check: installed package size
Result: NOTE
     installed size is 5.5Mb
     sub-directories of 1Mb or more:
     libs 5.1Mb
Flavors: r-devel-linux-x86_64-fedora-clang, r-release-osx-x86_64