CRAN Package Check Results for Package ccaPP

Last updated on 2019-10-13 01:46:09 CEST.

Flavor Version Tinstall Tcheck Ttotal Status Flags
r-devel-linux-x86_64-debian-clang 0.3.2 72.71 33.57 106.28 OK --no-vignettes
r-devel-linux-x86_64-debian-gcc 0.3.2 47.17 27.05 74.22 OK --no-vignettes
r-devel-linux-x86_64-fedora-clang 0.3.2 186.81 NOTE
r-devel-linux-x86_64-fedora-gcc 0.3.2 170.68 NOTE
r-devel-windows-ix86+x86_64 0.3.2 128.00 103.00 231.00 OK
r-patched-linux-x86_64 0.3.2 53.65 32.55 86.20 OK --no-vignettes
r-patched-solaris-x86 0.3.2 133.30 OK --no-vignettes
r-release-linux-x86_64 0.3.2 54.79 33.07 87.86 OK --no-vignettes
r-release-windows-ix86+x86_64 0.3.2 152.00 138.00 290.00 OK
r-release-osx-x86_64 0.3.2 NOTE
r-oldrel-windows-ix86+x86_64 0.3.2 103.00 114.00 217.00 OK
r-oldrel-osx-x86_64 0.3.2 OK

Check Details

Version: 0.3.2
Check: installed package size
Result: NOTE
     installed size is 5.1Mb
     sub-directories of 1Mb or more:
     libs 4.6Mb
Flavors: r-devel-linux-x86_64-fedora-clang, r-release-osx-x86_64

Version: 0.3.2
Check: compiled code
Result: NOTE
    File ‘ccaPP/libs/ccaPP.so’:
     Found no calls to: ‘R_registerRoutines’, ‘R_useDynamicSymbols’
    
    It is good practice to register native routines and to disable symbol
    search.
    
    See ‘Writing portable packages’ in the ‘Writing R Extensions’ manual.
Flavors: r-devel-linux-x86_64-fedora-clang, r-devel-linux-x86_64-fedora-gcc