CRAN Package Check Results for Package cccd

Last updated on 2020-03-31 01:52:34 CEST.

Flavor Version Tinstall Tcheck Ttotal Status Flags
r-devel-linux-x86_64-debian-clang 1.5 4.07 32.07 36.14 NOTE
r-devel-linux-x86_64-debian-gcc 1.5 2.83 25.22 28.05 NOTE
r-devel-linux-x86_64-fedora-clang 1.5 43.12 NOTE
r-devel-linux-x86_64-fedora-gcc 1.5 42.17 NOTE
r-devel-windows-ix86+x86_64 1.5 8.00 42.00 50.00 NOTE
r-devel-windows-ix86+x86_64-gcc8 1.5 7.00 45.00 52.00 NOTE
r-patched-linux-x86_64 1.5 2.84 31.59 34.43 NOTE
r-patched-solaris-x86 1.5 75.10 NOTE
r-release-linux-x86_64 1.5 3.01 28.85 31.86 NOTE
r-release-windows-ix86+x86_64 1.5 10.00 63.00 73.00 NOTE
r-release-osx-x86_64 1.5 NOTE
r-oldrel-windows-ix86+x86_64 1.5 5.00 59.00 64.00 NOTE
r-oldrel-osx-x86_64 1.5 NOTE

Check Details

Version: 1.5
Check: R code for possible problems
Result: NOTE
    ccd.sequential: no visible global function definition for 'qchisq'
    dominate.random.sample: no visible global function definition for
     'runif'
    draw.circle: no visible global function definition for 'polygon'
    juggle2: no visible global function definition for 'rbinom'
    plot.cccd: no visible global function definition for 'gray'
    plot.cccd: no visible global function definition for 'points'
    plot.cccdClassifier: no visible global function definition for 'points'
    Undefined global functions or variables:
     gray points polygon qchisq rbinom runif
    Consider adding
     importFrom("grDevices", "gray")
     importFrom("graphics", "points", "polygon")
     importFrom("stats", "qchisq", "rbinom", "runif")
    to your NAMESPACE file.
Flavors: r-devel-linux-x86_64-debian-clang, r-devel-linux-x86_64-debian-gcc, r-devel-linux-x86_64-fedora-clang, r-devel-linux-x86_64-fedora-gcc, r-devel-windows-ix86+x86_64, r-devel-windows-ix86+x86_64-gcc8, r-patched-linux-x86_64, r-patched-solaris-x86

Version: 1.5
Check: R code for possible problems
Result: NOTE
    ccd.sequential: no visible global function definition for ‘qchisq’
    dominate.random.sample: no visible global function definition for
     ‘runif’
    draw.circle: no visible global function definition for ‘polygon’
    juggle2: no visible global function definition for ‘rbinom’
    plot.cccd: no visible global function definition for ‘gray’
    plot.cccd: no visible global function definition for ‘plot’
    plot.cccd: no visible global function definition for ‘points’
    plot.cccdClassifier: no visible global function definition for ‘points’
    plot.cccdClassifier: no visible global function definition for ‘plot’
    plot.ccd: no visible global function definition for ‘plot’
    Undefined global functions or variables:
     gray plot points polygon qchisq rbinom runif
    Consider adding
     importFrom("grDevices", "gray")
     importFrom("graphics", "plot", "points", "polygon")
     importFrom("stats", "qchisq", "rbinom", "runif")
    to your NAMESPACE file.
Flavors: r-release-linux-x86_64, r-release-windows-ix86+x86_64, r-release-osx-x86_64, r-oldrel-windows-ix86+x86_64, r-oldrel-osx-x86_64