CRAN Package Check Results for Package cepreader

Last updated on 2019-09-23 01:46:38 CEST.

Flavor Version Tinstall Tcheck Ttotal Status Flags
r-devel-linux-x86_64-debian-clang 1.1-3 2.04 16.02 18.06 OK
r-devel-linux-x86_64-debian-gcc 1.1-3 1.76 12.94 14.70 OK
r-devel-linux-x86_64-fedora-clang 1.1-3 22.82 OK
r-devel-linux-x86_64-fedora-gcc 1.1-3 22.28 OK
r-devel-windows-ix86+x86_64 1.1-3 13.00 37.00 50.00 OK
r-patched-linux-x86_64 1.1-3 1.86 15.79 17.65 OK
r-patched-solaris-x86 1.1-3 38.50 OK
r-release-linux-x86_64 1.1-3 1.82 15.71 17.53 OK
r-release-windows-ix86+x86_64 1.1-3 7.00 40.00 47.00 OK
r-release-osx-x86_64 1.1-3 OK
r-oldrel-windows-ix86+x86_64 1.1-2 6.00 28.00 34.00 OK
r-oldrel-osx-x86_64 1.1-3 ERROR

Check Details

Version: 1.1-3
Check: whether package can be installed
Result: ERROR
    Installation failed.
Flavor: r-oldrel-osx-x86_64