CRAN Package Check Results for Package choroplethrAdmin1

Last updated on 2019-11-21 00:49:53 CET.

Flavor Version Tinstall Tcheck Ttotal Status Flags
r-devel-linux-x86_64-debian-clang 1.1.1 4.45 42.25 46.70 OK
r-devel-linux-x86_64-debian-gcc 1.1.1 3.56 34.65 38.21 OK
r-devel-linux-x86_64-fedora-clang 1.1.1 54.96 NOTE
r-devel-linux-x86_64-fedora-gcc 1.1.1 55.22 OK
r-devel-windows-ix86+x86_64 1.1.1 44.00 73.00 117.00 NOTE
r-devel-windows-ix86+x86_64-gcc8 1.1.1 11.00 54.00 65.00 NOTE
r-patched-linux-x86_64 1.1.1 4.12 39.94 44.06 OK
r-patched-solaris-x86 1.1.1 92.40 NOTE
r-release-linux-x86_64 1.1.1 3.51 40.47 43.98 OK
r-release-windows-ix86+x86_64 1.1.1 14.00 76.00 90.00 NOTE
r-release-osx-x86_64 1.1.1 NOTE
r-oldrel-windows-ix86+x86_64 1.1.1 7.00 81.00 88.00 NOTE
r-oldrel-osx-x86_64 1.1.1 NOTE

Check Details

Version: 1.1.1
Check: installed package size
Result: NOTE
     installed size is 18.0Mb
     sub-directories of 1Mb or more:
     data 17.9Mb
Flavors: r-devel-linux-x86_64-fedora-clang, r-devel-windows-ix86+x86_64, r-devel-windows-ix86+x86_64-gcc8, r-patched-solaris-x86, r-release-windows-ix86+x86_64, r-release-osx-x86_64, r-oldrel-windows-ix86+x86_64, r-oldrel-osx-x86_64