CRAN Package Check Results for Package cocktailApp

Last updated on 2020-06-03 01:50:42 CEST.

Flavor Version Tinstall Tcheck Ttotal Status Flags
r-devel-linux-x86_64-debian-clang 0.2.1 7.84 75.57 83.41 OK
r-devel-linux-x86_64-debian-gcc 0.2.1 6.23 57.39 63.62 OK
r-devel-linux-x86_64-fedora-clang 0.2.1 108.59 NOTE
r-devel-linux-x86_64-fedora-gcc 0.2.1 96.08 NOTE
r-devel-windows-ix86+x86_64 0.2.1 35.00 124.00 159.00 OK
r-patched-linux-x86_64 0.2.1 5.72 72.53 78.25 OK
r-patched-solaris-x86 0.2.1 132.40 NOTE
r-release-linux-x86_64 0.2.1 6.01 73.82 79.83 OK
r-release-osx-x86_64 0.2.1 NOTE
r-release-windows-ix86+x86_64 0.2.1 19.00 89.00 108.00 OK
r-oldrel-osx-x86_64 0.2.1 NOTE
r-oldrel-windows-ix86+x86_64 0.2.1 16.00 80.00 96.00 OK

Check Details

Version: 0.2.1
Check: data for non-ASCII characters
Result: NOTE
     Note: found 14661 marked UTF-8 strings
Flavors: r-devel-linux-x86_64-fedora-clang, r-devel-linux-x86_64-fedora-gcc, r-patched-solaris-x86, r-release-osx-x86_64, r-oldrel-osx-x86_64