CRAN Package Check Results for Package cocor

Last updated on 2019-11-14 00:52:56 CET.

Flavor Version Tinstall Tcheck Ttotal Status Flags
r-devel-linux-x86_64-debian-clang 1.1-3 4.65 31.93 36.58 NOTE
r-devel-linux-x86_64-debian-gcc 1.1-3 3.35 25.58 28.93 NOTE
r-devel-linux-x86_64-fedora-clang 1.1-3 46.09 NOTE
r-devel-linux-x86_64-fedora-gcc 1.1-3 44.30 NOTE
r-devel-windows-ix86+x86_64 1.1-3 12.00 41.00 53.00 NOTE
r-patched-linux-x86_64 1.1-3 4.30 31.43 35.73 NOTE
r-patched-solaris-x86 1.1-3 61.90 NOTE
r-release-linux-x86_64 1.1-3 4.11 31.51 35.62 NOTE
r-release-windows-ix86+x86_64 1.1-3 10.00 56.00 66.00 NOTE
r-release-osx-x86_64 1.1-3 NOTE
r-oldrel-windows-ix86+x86_64 1.1-3 5.00 64.00 69.00 NOTE
r-oldrel-osx-x86_64 1.1-3 NOTE

Check Details

Version: 1.1-3
Check: package dependencies
Result: NOTE
    Package which this enhances but not available for checking: 'rkward'
Flavors: r-devel-linux-x86_64-debian-clang, r-devel-linux-x86_64-debian-gcc, r-devel-linux-x86_64-fedora-clang, r-devel-linux-x86_64-fedora-gcc, r-devel-windows-ix86+x86_64, r-patched-linux-x86_64, r-patched-solaris-x86, r-release-linux-x86_64, r-release-windows-ix86+x86_64, r-release-osx-x86_64, r-oldrel-windows-ix86+x86_64, r-oldrel-osx-x86_64