CRAN Package Check Results for Package cocor

Last updated on 2020-06-03 01:50:42 CEST.

Flavor Version Tinstall Tcheck Ttotal Status Flags
r-devel-linux-x86_64-debian-clang 1.1-3 5.49 34.27 39.76 NOTE
r-devel-linux-x86_64-debian-gcc 1.1-3 3.99 27.18 31.17 NOTE
r-devel-linux-x86_64-fedora-clang 1.1-3 56.26 NOTE
r-devel-linux-x86_64-fedora-gcc 1.1-3 46.83 NOTE
r-devel-windows-ix86+x86_64 1.1-3 13.00 43.00 56.00 NOTE
r-patched-linux-x86_64 1.1-3 5.37 34.65 40.02 NOTE
r-patched-solaris-x86 1.1-3 64.90 NOTE
r-release-linux-x86_64 1.1-3 5.26 34.56 39.82 NOTE
r-release-osx-x86_64 1.1-3 NOTE
r-release-windows-ix86+x86_64 1.1-3 10.00 48.00 58.00 NOTE
r-oldrel-osx-x86_64 1.1-3 NOTE
r-oldrel-windows-ix86+x86_64 1.1-3 10.00 41.00 51.00 NOTE

Check Details

Version: 1.1-3
Check: package dependencies
Result: NOTE
    Package which this enhances but not available for checking: 'rkward'
Flavors: r-devel-linux-x86_64-debian-clang, r-devel-linux-x86_64-debian-gcc, r-devel-linux-x86_64-fedora-clang, r-devel-linux-x86_64-fedora-gcc, r-devel-windows-ix86+x86_64, r-patched-linux-x86_64, r-patched-solaris-x86, r-release-linux-x86_64, r-release-osx-x86_64, r-release-windows-ix86+x86_64, r-oldrel-osx-x86_64, r-oldrel-windows-ix86+x86_64