CRAN Package Check Results for Package cogmapr

Last updated on 2020-03-29 01:48:50 CET.

Flavor Version Tinstall Tcheck Ttotal Status Flags
r-devel-linux-x86_64-debian-clang 0.9.1 OK
r-devel-linux-x86_64-debian-gcc 0.9.1 7.02 55.28 62.30 OK
r-devel-linux-x86_64-fedora-clang 0.9.1 98.70 OK
r-devel-linux-x86_64-fedora-gcc 0.9.1 90.59 OK
r-devel-windows-ix86+x86_64 0.9.1 20.00 80.00 100.00 ERROR
r-devel-windows-ix86+x86_64-gcc8 0.9.1 18.00 92.00 110.00 OK
r-patched-linux-x86_64 0.9.1 7.46 69.34 76.80 OK
r-patched-solaris-x86 0.9.1 138.70 OK
r-release-linux-x86_64 0.9.1 6.95 62.59 69.54 OK
r-release-windows-ix86+x86_64 0.9.1 16.00 116.00 132.00 OK
r-release-osx-x86_64 0.9.1 OK
r-oldrel-windows-ix86+x86_64 0.9.1 21.00 112.00 133.00 OK
r-oldrel-osx-x86_64 0.9.1 OK

Check Details

Version: 0.9.1
Check: whether package can be installed
Result: WARN
    Found the following significant warnings:
     Warning: multiple methods tables found for 'plot'
Flavor: r-devel-windows-ix86+x86_64

Version: 0.9.1
Check: examples
Result: ERROR
    Running examples in 'cogmapr-Ex.R' failed
    The error most likely occurred in:
    
    > ### Name: plotIndCMap
    > ### Title: Plotting an Individual Cognitive Map
    > ### Aliases: plotIndCMap
    >
    > ### ** Examples
    >
    > project_name <- "a_new_project"
    > main_path <- paste0(system.file("testdata", package = "cogmapr"), '/')
    > my.project <- ProjectCMap(main_path, project_name)
    >
    > icm <- IndCMap(my.project, 1)
    >
    > plotIndCMap(icm)
    Error in as.double(x) :
     cannot coerce type 'S4' to vector of type 'double'
    Calls: plotIndCMap ... <Anonymous> -> <Anonymous> -> plot.default -> xy.coords
    Execution halted
Flavor: r-devel-windows-ix86+x86_64