CRAN Package Check Results for Package collectArgs

Last updated on 2019-10-16 05:46:58 CEST.

Flavor Version Tinstall Tcheck Ttotal Status Flags
r-devel-linux-x86_64-debian-clang 0.4.0 1.67 21.03 22.70 NOTE
r-devel-linux-x86_64-debian-gcc 0.4.0 1.48 16.94 18.42 NOTE
r-devel-linux-x86_64-fedora-clang 0.4.0 28.84 OK
r-devel-linux-x86_64-fedora-gcc 0.4.0 27.77 OK
r-devel-windows-ix86+x86_64 0.4.0 5.00 34.00 39.00 NOTE
r-patched-linux-x86_64 0.4.0 1.28 20.59 21.87 OK
r-patched-solaris-x86 0.4.0 42.70 OK
r-release-linux-x86_64 0.4.0 1.39 20.71 22.10 OK
r-release-windows-ix86+x86_64 0.4.0 4.00 53.00 57.00 OK
r-release-osx-x86_64 0.4.0 OK
r-oldrel-windows-ix86+x86_64 0.4.0 2.00 33.00 35.00 OK
r-oldrel-osx-x86_64 0.4.0 OK

Check Details

Version: 0.4.0
Check: package vignettes
Result: NOTE
    Package vignette with placeholder title 'Vignette Title':
     'collectArgs_and_iterateWithArgs.Rmd'
Flavors: r-devel-linux-x86_64-debian-clang, r-devel-linux-x86_64-debian-gcc, r-devel-windows-ix86+x86_64