CRAN Package Check Results for Package collectArgs

Last updated on 2020-05-24 01:47:54 CEST.

Flavor Version Tinstall Tcheck Ttotal Status Flags
r-devel-linux-x86_64-debian-clang 0.4.0 1.78 23.78 25.56 NOTE
r-devel-linux-x86_64-debian-gcc 0.4.0 1.43 19.06 20.49 NOTE
r-devel-linux-x86_64-fedora-clang 0.4.0 32.34 OK
r-devel-linux-x86_64-fedora-gcc 0.4.0 31.48 OK
r-devel-windows-ix86+x86_64 0.4.0 7.00 38.00 45.00 NOTE
r-patched-linux-x86_64 0.4.0 1.95 23.88 25.83 NOTE
r-patched-solaris-x86 0.4.0 47.00 OK
r-release-linux-x86_64 0.4.0 1.82 23.93 25.75 NOTE
r-release-osx-x86_64 0.4.0 OK
r-release-windows-ix86+x86_64 0.4.0 5.00 56.00 61.00 NOTE
r-oldrel-osx-x86_64 0.4.0 OK
r-oldrel-windows-ix86+x86_64 0.4.0 4.00 48.00 52.00 OK

Check Details

Version: 0.4.0
Check: package vignettes
Result: NOTE
    Package vignette with placeholder title 'Vignette Title':
     'collectArgs_and_iterateWithArgs.Rmd'
Flavors: r-devel-linux-x86_64-debian-clang, r-devel-linux-x86_64-debian-gcc, r-devel-windows-ix86+x86_64, r-patched-linux-x86_64, r-release-linux-x86_64, r-release-windows-ix86+x86_64