CRAN Package Check Results for Package coloredICA

Last updated on 2020-06-03 01:50:42 CEST.

Flavor Version Tinstall Tcheck Ttotal Status Flags
r-devel-linux-x86_64-debian-clang 1.0.0 3.13 24.81 27.94 NOTE
r-devel-linux-x86_64-debian-gcc 1.0.0 3.14 19.51 22.65 NOTE
r-devel-linux-x86_64-fedora-clang 1.0.0 42.60 NOTE
r-devel-linux-x86_64-fedora-gcc 1.0.0 33.75 NOTE
r-devel-windows-ix86+x86_64 1.0.0 11.00 44.00 55.00 NOTE
r-patched-linux-x86_64 1.0.0 3.20 25.13 28.33 NOTE
r-patched-solaris-x86 1.0.0 48.70 NOTE
r-release-linux-x86_64 1.0.0 3.14 24.85 27.99 NOTE
r-release-osx-x86_64 1.0.0 NOTE
r-release-windows-ix86+x86_64 1.0.0 6.00 46.00 52.00 NOTE
r-oldrel-osx-x86_64 1.0.0 NOTE
r-oldrel-windows-ix86+x86_64 1.0.0 9.00 38.00 47.00 NOTE

Check Details

Version: 1.0.0
Check: R code for possible problems
Result: NOTE
    cICA: no visible global function definition for 'mvfft'
    cICA: no visible global function definition for 'ar.yw'
    cICA: no visible global function definition for 'rnorm'
    scICA: no visible global function definition for 'rnorm'
    Undefined global functions or variables:
     ar.yw mvfft rnorm
    Consider adding
     importFrom("stats", "ar.yw", "mvfft", "rnorm")
    to your NAMESPACE file.
Flavors: r-devel-linux-x86_64-debian-clang, r-devel-linux-x86_64-debian-gcc, r-devel-linux-x86_64-fedora-clang, r-devel-linux-x86_64-fedora-gcc, r-devel-windows-ix86+x86_64, r-patched-linux-x86_64, r-patched-solaris-x86, r-release-linux-x86_64, r-release-osx-x86_64, r-release-windows-ix86+x86_64, r-oldrel-osx-x86_64, r-oldrel-windows-ix86+x86_64