CRAN Package Check Results for Package coloredICA

Last updated on 2019-11-14 00:52:56 CET.

Flavor Version Tinstall Tcheck Ttotal Status Flags
r-devel-linux-x86_64-debian-clang 1.0.0 2.96 22.89 25.85 NOTE
r-devel-linux-x86_64-debian-gcc 1.0.0 2.52 18.10 20.62 NOTE
r-devel-linux-x86_64-fedora-clang 1.0.0 32.31 NOTE
r-devel-linux-x86_64-fedora-gcc 1.0.0 31.37 NOTE
r-devel-windows-ix86+x86_64 1.0.0 9.00 50.00 59.00 NOTE
r-patched-linux-x86_64 1.0.0 2.70 22.19 24.89 NOTE
r-patched-solaris-x86 1.0.0 45.50 NOTE
r-release-linux-x86_64 1.0.0 2.64 22.68 25.32 NOTE
r-release-windows-ix86+x86_64 1.0.0 8.00 36.00 44.00 NOTE
r-release-osx-x86_64 1.0.0 NOTE
r-oldrel-windows-ix86+x86_64 1.0.0 4.00 58.00 62.00 NOTE
r-oldrel-osx-x86_64 1.0.0 NOTE

Check Details

Version: 1.0.0
Check: R code for possible problems
Result: NOTE
    cICA: no visible global function definition for 'mvfft'
    cICA: no visible global function definition for 'ar.yw'
    cICA: no visible global function definition for 'rnorm'
    scICA: no visible global function definition for 'rnorm'
    Undefined global functions or variables:
     ar.yw mvfft rnorm
    Consider adding
     importFrom("stats", "ar.yw", "mvfft", "rnorm")
    to your NAMESPACE file.
Flavors: r-devel-linux-x86_64-debian-clang, r-devel-linux-x86_64-debian-gcc, r-devel-linux-x86_64-fedora-clang, r-devel-linux-x86_64-fedora-gcc, r-devel-windows-ix86+x86_64, r-patched-linux-x86_64, r-patched-solaris-x86, r-release-linux-x86_64, r-release-windows-ix86+x86_64, r-release-osx-x86_64, r-oldrel-windows-ix86+x86_64, r-oldrel-osx-x86_64