CRAN Package Check Results for Package colr

Last updated on 2020-05-30 02:02:30 CEST.

Flavor Version Tinstall Tcheck Ttotal Status Flags
r-devel-linux-x86_64-debian-clang 0.1.900 1.79 21.56 23.35 NOTE
r-devel-linux-x86_64-debian-gcc 0.1.900 1.20 17.37 18.57 NOTE
r-devel-linux-x86_64-fedora-clang 0.1.900 29.49 OK
r-devel-linux-x86_64-fedora-gcc 0.1.900 29.08 OK
r-devel-windows-ix86+x86_64 0.1.900 8.00 49.00 57.00 NOTE
r-patched-linux-x86_64 0.1.900 1.62 21.75 23.37 NOTE
r-patched-solaris-x86 0.1.900 44.70 OK
r-release-linux-x86_64 0.1.900 1.73 21.92 23.65 NOTE
r-release-osx-x86_64 0.1.900 OK
r-release-windows-ix86+x86_64 0.1.900 6.00 49.00 55.00 NOTE
r-oldrel-osx-x86_64 0.1.900 OK
r-oldrel-windows-ix86+x86_64 0.1.900 7.00 35.00 42.00 OK

Check Details

Version: 0.1.900
Check: package vignettes
Result: NOTE
    Package vignette with placeholder title 'Vignette Title':
     'colr.Rmd'
Flavors: r-devel-linux-x86_64-debian-clang, r-devel-linux-x86_64-debian-gcc, r-devel-windows-ix86+x86_64, r-patched-linux-x86_64, r-release-linux-x86_64, r-release-windows-ix86+x86_64