CRAN Package Check Results for Package colr

Last updated on 2019-09-18 01:46:51 CEST.

Flavor Version Tinstall Tcheck Ttotal Status Flags
r-devel-linux-x86_64-debian-clang 0.1.900 1.64 19.68 21.32 NOTE
r-devel-linux-x86_64-debian-gcc 0.1.900 1.32 16.05 17.37 NOTE
r-devel-linux-x86_64-fedora-clang 0.1.900 27.32 OK
r-devel-linux-x86_64-fedora-gcc 0.1.900 26.69 OK
r-devel-windows-ix86+x86_64 0.1.900 7.00 35.00 42.00 NOTE
r-patched-linux-x86_64 0.1.900 1.39 19.53 20.92 OK
r-patched-solaris-x86 0.1.900 41.70 OK
r-release-linux-x86_64 0.1.900 1.43 19.35 20.78 OK
r-release-windows-ix86+x86_64 0.1.900 5.00 31.00 36.00 OK
r-release-osx-x86_64 0.1.900 OK
r-oldrel-windows-ix86+x86_64 0.1.900 3.00 33.00 36.00 OK
r-oldrel-osx-x86_64 0.1.900 OK

Check Details

Version: 0.1.900
Check: package vignettes
Result: NOTE
    Package vignette with placeholder title 'Vignette Title':
     'colr.Rmd'
Flavors: r-devel-linux-x86_64-debian-clang, r-devel-linux-x86_64-debian-gcc, r-devel-windows-ix86+x86_64