CRAN Package Check Results for Package commonsMath

Last updated on 2020-04-03 04:47:18 CEST.

Flavor Version Tinstall Tcheck Ttotal Status Flags
r-devel-linux-x86_64-debian-clang 1.2.5 2.05 128.13 130.18 OK
r-devel-linux-x86_64-debian-gcc 1.2.5 1.69 96.42 98.11 OK
r-devel-linux-x86_64-fedora-clang 1.2.5 115.31 OK
r-devel-linux-x86_64-fedora-gcc 1.2.5 145.26 OK
r-devel-windows-ix86+x86_64 1.2.5 11.00 39.00 50.00 OK
r-devel-windows-ix86+x86_64-gcc8 1.2.5 9.00 39.00 48.00 OK
r-patched-linux-x86_64 1.2.5 2.05 124.24 126.29 OK
r-patched-solaris-x86 1.2.5 47.50 NOTE
r-release-linux-x86_64 1.2.5 1.65 118.46 120.11 OK
r-release-windows-ix86+x86_64 1.2.5 6.00 138.00 144.00 OK
r-release-osx-x86_64 1.2.5 OK
r-oldrel-windows-ix86+x86_64 1.2.5 9.00 147.00 156.00 OK
r-oldrel-osx-x86_64 1.2.5 OK

Check Details

Version: 1.2.5
Check: package dependencies
Result: NOTE
    Package suggested but not available for checking: ‘rscala’
Flavor: r-patched-solaris-x86