CRAN Package Check Results for Package concordance

Last updated on 2020-05-25 01:48:49 CEST.

Flavor Version Tinstall Tcheck Ttotal Status Flags
r-devel-linux-x86_64-debian-clang 2.0.0 11.58 57.62 69.20 OK
r-devel-linux-x86_64-debian-gcc 2.0.0 10.29 44.42 54.71 OK
r-devel-linux-x86_64-fedora-clang 2.0.0 83.80 NOTE
r-devel-linux-x86_64-fedora-gcc 2.0.0 84.28 NOTE
r-devel-windows-ix86+x86_64 2.0.0 41.00 73.00 114.00 OK
r-patched-linux-x86_64 2.0.0 11.45 56.36 67.81 OK
r-patched-solaris-x86 2.0.0 123.00 NOTE
r-release-linux-x86_64 2.0.0 10.85 55.50 66.35 OK
r-release-osx-x86_64 2.0.0 NOTE
r-release-windows-ix86+x86_64 2.0.0 26.00 96.00 122.00 OK
r-oldrel-osx-x86_64 2.0.0 NOTE
r-oldrel-windows-ix86+x86_64 2.0.0 23.00 71.00 94.00 OK

Check Details

Version: 2.0.0
Check: data for non-ASCII characters
Result: NOTE
     Note: found 92 marked UTF-8 strings
Flavors: r-devel-linux-x86_64-fedora-clang, r-devel-linux-x86_64-fedora-gcc, r-patched-solaris-x86, r-release-osx-x86_64, r-oldrel-osx-x86_64