CRAN Package Check Results for Package configural

Last updated on 2020-05-25 01:48:49 CEST.

Flavor Version Tinstall Tcheck Ttotal Status Flags
r-devel-linux-x86_64-debian-clang 0.1.1 7.15 63.02 70.17 OK
r-devel-linux-x86_64-debian-gcc 0.1.1 5.81 44.62 50.43 OK
r-devel-linux-x86_64-fedora-clang 0.1.1 78.08 NOTE
r-devel-linux-x86_64-fedora-gcc 0.1.1 78.26 NOTE
r-devel-windows-ix86+x86_64 0.1.1 24.00 80.00 104.00 OK
r-patched-linux-x86_64 0.1.1 6.01 60.32 66.33 OK
r-patched-solaris-x86 0.1.1 108.80 NOTE
r-release-linux-x86_64 0.1.1 5.97 60.04 66.01 OK
r-release-osx-x86_64 0.1.1 NOTE
r-release-windows-ix86+x86_64 0.1.1 24.00 103.00 127.00 OK
r-oldrel-osx-x86_64 0.1.1 NOTE
r-oldrel-windows-ix86+x86_64 0.1.1 13.00 73.00 86.00 OK

Check Details

Version: 0.1.1
Check: dependencies in R code
Result: NOTE
    Namespace in Imports field not imported from: ‘cli’
     All declared Imports should be used.
Flavors: r-devel-linux-x86_64-fedora-clang, r-devel-linux-x86_64-fedora-gcc, r-patched-solaris-x86, r-release-osx-x86_64, r-oldrel-osx-x86_64