CRAN Package Check Results for Package covafillr

Last updated on 2020-05-28 01:53:13 CEST.

Flavor Version Tinstall Tcheck Ttotal Status Flags
r-devel-linux-x86_64-debian-clang 0.4.4 26.06 29.67 55.73 OK
r-devel-linux-x86_64-debian-gcc 0.4.4 24.88 23.80 48.68 OK
r-devel-linux-x86_64-fedora-clang 0.4.4 72.72 NOTE
r-devel-linux-x86_64-fedora-gcc 0.4.4 74.44 OK
r-devel-windows-ix86+x86_64 0.4.4 65.00 87.00 152.00 OK
r-patched-linux-x86_64 0.4.4 27.80 30.21 58.01 OK
r-patched-solaris-x86 0.4.4 78.20 OK
r-release-linux-x86_64 0.4.4 27.22 30.55 57.77 OK
r-release-osx-x86_64 0.4.4 NOTE
r-release-windows-ix86+x86_64 0.4.4 43.00 87.00 130.00 OK
r-oldrel-osx-x86_64 0.4.4 NOTE
r-oldrel-windows-ix86+x86_64 0.4.4 47.00 62.00 109.00 OK

Check Details

Version: 0.4.4
Check: installed package size
Result: NOTE
     installed size is 9.2Mb
     sub-directories of 1Mb or more:
     libs 8.5Mb
Flavors: r-devel-linux-x86_64-fedora-clang, r-release-osx-x86_64, r-oldrel-osx-x86_64