CRAN Package Check Results for Package covafillr

Last updated on 2019-10-23 03:48:24 CEST.

Flavor Version Tinstall Tcheck Ttotal Status Flags
r-devel-linux-x86_64-debian-clang 0.4.3 21.92 24.34 46.26 OK
r-devel-linux-x86_64-debian-gcc 0.4.3 22.17 20.07 42.24 OK
r-devel-linux-x86_64-fedora-clang 0.4.3 62.85 NOTE
r-devel-linux-x86_64-fedora-gcc 0.4.3 67.95 OK
r-devel-windows-ix86+x86_64 0.4.3 38.00 70.00 108.00 OK
r-patched-linux-x86_64 0.4.3 24.49 24.74 49.23 OK
r-patched-solaris-x86 0.4.3 67.90 OK
r-release-linux-x86_64 0.4.3 21.63 24.64 46.27 OK
r-release-windows-ix86+x86_64 0.4.3 47.00 52.00 99.00 OK
r-release-osx-x86_64 0.4.3 NOTE
r-oldrel-windows-ix86+x86_64 0.4.3 51.00 84.00 135.00 OK
r-oldrel-osx-x86_64 0.4.3 NOTE

Check Details

Version: 0.4.3
Check: installed package size
Result: NOTE
     installed size is 8.9Mb
     sub-directories of 1Mb or more:
     libs 8.3Mb
Flavors: r-devel-linux-x86_64-fedora-clang, r-release-osx-x86_64, r-oldrel-osx-x86_64