CRAN Package Check Results for Package cpca

Last updated on 2019-10-18 01:46:23 CEST.

Flavor Version Tinstall Tcheck Ttotal Status Flags
r-devel-linux-x86_64-debian-clang 0.1.2 1.56 17.21 18.77 NOTE
r-devel-linux-x86_64-debian-gcc 0.1.2 1.23 13.49 14.72 NOTE
r-devel-linux-x86_64-fedora-clang 0.1.2 23.24 NOTE
r-devel-linux-x86_64-fedora-gcc 0.1.2 22.69 NOTE
r-devel-windows-ix86+x86_64 0.1.2 7.00 39.00 46.00 NOTE
r-patched-linux-x86_64 0.1.2 1.28 16.64 17.92 NOTE
r-patched-solaris-x86 0.1.2 35.60 NOTE
r-release-linux-x86_64 0.1.2 1.13 16.69 17.82 NOTE
r-release-windows-ix86+x86_64 0.1.2 4.00 42.00 46.00 NOTE
r-release-osx-x86_64 0.1.2 NOTE
r-oldrel-windows-ix86+x86_64 0.1.2 2.00 27.00 29.00 NOTE
r-oldrel-osx-x86_64 0.1.2 NOTE

Check Details

Version: 0.1.2
Check: DESCRIPTION meta-information
Result: NOTE
    Malformed Description field: should contain one or more complete sentences.
Flavors: r-devel-linux-x86_64-debian-clang, r-devel-linux-x86_64-debian-gcc, r-devel-linux-x86_64-fedora-clang, r-devel-linux-x86_64-fedora-gcc, r-devel-windows-ix86+x86_64, r-patched-linux-x86_64, r-patched-solaris-x86, r-release-linux-x86_64, r-release-windows-ix86+x86_64, r-release-osx-x86_64, r-oldrel-windows-ix86+x86_64, r-oldrel-osx-x86_64