CRAN Package Check Results for Package cpca

Last updated on 2020-06-02 01:55:27 CEST.

Flavor Version Tinstall Tcheck Ttotal Status Flags
r-devel-linux-x86_64-debian-clang 0.1.2 1.80 18.42 20.22 NOTE
r-devel-linux-x86_64-debian-gcc 0.1.2 1.41 14.74 16.15 NOTE
r-devel-linux-x86_64-fedora-clang 0.1.2 33.30 NOTE
r-devel-linux-x86_64-fedora-gcc 0.1.2 23.92 NOTE
r-devel-windows-ix86+x86_64 0.1.2 8.00 39.00 47.00 NOTE
r-patched-linux-x86_64 0.1.2 1.69 18.20 19.89 NOTE
r-patched-solaris-x86 0.1.2 37.90 NOTE
r-release-linux-x86_64 0.1.2 1.91 18.39 20.30 NOTE
r-release-osx-x86_64 0.1.2 NOTE
r-release-windows-ix86+x86_64 0.1.2 5.00 47.00 52.00 NOTE
r-oldrel-osx-x86_64 0.1.2 NOTE
r-oldrel-windows-ix86+x86_64 0.1.2 8.00 31.00 39.00 NOTE

Check Details

Version: 0.1.2
Check: DESCRIPTION meta-information
Result: NOTE
    Malformed Description field: should contain one or more complete sentences.
Flavors: r-devel-linux-x86_64-debian-clang, r-devel-linux-x86_64-debian-gcc, r-devel-linux-x86_64-fedora-clang, r-devel-linux-x86_64-fedora-gcc, r-devel-windows-ix86+x86_64, r-patched-linux-x86_64, r-patched-solaris-x86, r-release-linux-x86_64, r-release-osx-x86_64, r-release-windows-ix86+x86_64, r-oldrel-osx-x86_64, r-oldrel-windows-ix86+x86_64