CRAN Package Check Results for Package crossdes

Last updated on 2019-10-18 01:46:23 CEST.

Flavor Version Tinstall Tcheck Ttotal Status Flags
r-devel-linux-x86_64-debian-clang 1.1-1 2.81 25.11 27.92 NOTE
r-devel-linux-x86_64-debian-gcc 1.1-1 2.32 19.48 21.80 NOTE
r-devel-linux-x86_64-fedora-clang 1.1-1 33.26 NOTE
r-devel-linux-x86_64-fedora-gcc 1.1-1 31.94 NOTE
r-devel-windows-ix86+x86_64 1.1-1 12.00 35.00 47.00 NOTE
r-patched-linux-x86_64 1.1-1 2.32 24.08 26.40 NOTE
r-patched-solaris-x86 1.1-1 49.10 NOTE
r-release-linux-x86_64 1.1-1 2.35 24.17 26.52 NOTE
r-release-windows-ix86+x86_64 1.1-1 5.00 48.00 53.00 NOTE
r-release-osx-x86_64 1.1-1 NOTE
r-oldrel-windows-ix86+x86_64 1.1-1 4.00 34.00 38.00 NOTE
r-oldrel-osx-x86_64 1.1-1 NOTE

Check Details

Version: 1.1-1
Check: R code for possible problems
Result: NOTE
    get.plan: no visible global function definition for 'menu'
    Undefined global functions or variables:
     menu
    Consider adding
     importFrom("utils", "menu")
    to your NAMESPACE file.
Flavors: r-devel-linux-x86_64-debian-clang, r-devel-linux-x86_64-debian-gcc, r-devel-linux-x86_64-fedora-clang, r-devel-linux-x86_64-fedora-gcc, r-devel-windows-ix86+x86_64, r-patched-linux-x86_64, r-patched-solaris-x86, r-release-linux-x86_64, r-release-windows-ix86+x86_64, r-release-osx-x86_64, r-oldrel-windows-ix86+x86_64, r-oldrel-osx-x86_64