CRAN Package Check Results for Package crossword.r

Last updated on 2019-10-19 01:50:10 CEST.

Flavor Version Tinstall Tcheck Ttotal Status Flags
r-devel-linux-x86_64-debian-clang 0.3.6 2.60 20.69 23.29 OK
r-devel-linux-x86_64-debian-gcc 0.3.6 2.24 16.33 18.57 OK
r-devel-linux-x86_64-fedora-clang 0.3.6 29.21 NOTE
r-devel-linux-x86_64-fedora-gcc 0.3.6 27.83 NOTE
r-devel-windows-ix86+x86_64 0.3.6 11.00 35.00 46.00 OK
r-patched-linux-x86_64 0.3.6 2.72 19.72 22.44 OK
r-patched-solaris-x86 0.3.6 43.10 NOTE
r-release-linux-x86_64 0.3.6 2.58 19.72 22.30 OK
r-release-windows-ix86+x86_64 0.3.6 5.00 50.00 55.00 OK
r-release-osx-x86_64 0.3.6 NOTE
r-oldrel-windows-ix86+x86_64 0.3.6 3.00 33.00 36.00 OK
r-oldrel-osx-x86_64 0.3.6 NOTE

Check Details

Version: 0.3.6
Check: dependencies in R code
Result: NOTE
    Namespaces in Imports field not imported from:
     ‘R6’ ‘dplyr’ ‘r6extended’
     All declared Imports should be used.
Flavors: r-devel-linux-x86_64-fedora-clang, r-devel-linux-x86_64-fedora-gcc, r-patched-solaris-x86, r-release-osx-x86_64, r-oldrel-osx-x86_64