CRAN Package Check Results for Package crossword.r

Last updated on 2020-06-03 01:50:43 CEST.

Flavor Version Tinstall Tcheck Ttotal Status Flags
r-devel-linux-x86_64-debian-clang 0.3.6 3.23 23.74 26.97 OK
r-devel-linux-x86_64-debian-gcc 0.3.6 2.32 18.72 21.04 OK
r-devel-linux-x86_64-fedora-clang 0.3.6 41.69 NOTE
r-devel-linux-x86_64-fedora-gcc 0.3.6 31.78 NOTE
r-devel-windows-ix86+x86_64 0.3.6 10.00 37.00 47.00 OK
r-patched-linux-x86_64 0.3.6 2.73 23.52 26.25 OK
r-patched-solaris-x86 0.3.6 47.80 NOTE
r-release-linux-x86_64 0.3.6 3.24 23.47 26.71 OK
r-release-osx-x86_64 0.3.6 NOTE
r-release-windows-ix86+x86_64 0.3.6 6.00 36.00 42.00 OK
r-oldrel-osx-x86_64 0.3.6 NOTE
r-oldrel-windows-ix86+x86_64 0.3.6 7.00 38.00 45.00 OK

Check Details

Version: 0.3.6
Check: dependencies in R code
Result: NOTE
    Namespaces in Imports field not imported from:
     ‘R6’ ‘dplyr’ ‘r6extended’
     All declared Imports should be used.
Flavors: r-devel-linux-x86_64-fedora-clang, r-devel-linux-x86_64-fedora-gcc, r-patched-solaris-x86, r-release-osx-x86_64, r-oldrel-osx-x86_64