CRAN Package Check Results for Package crsra

Last updated on 2020-03-26 02:25:15 CET.

Flavor Version Tinstall Tcheck Ttotal Status Flags
r-devel-linux-x86_64-debian-clang 0.2.3 10.22 92.09 102.31 OK
r-devel-linux-x86_64-debian-gcc 0.2.3 8.02 68.46 76.48 OK
r-devel-linux-x86_64-fedora-clang 0.2.3 129.85 NOTE
r-devel-linux-x86_64-fedora-gcc 0.2.3 116.82 NOTE
r-devel-windows-ix86+x86_64 0.2.3 27.00 98.00 125.00 OK
r-devel-windows-ix86+x86_64-gcc8 0.2.3 24.00 105.00 129.00 OK
r-patched-linux-x86_64 0.2.3 10.00 79.55 89.55 OK
r-patched-solaris-x86 0.2.3 184.70 NOTE
r-release-linux-x86_64 0.2.3 8.55 79.77 88.32 OK
r-release-windows-ix86+x86_64 0.2.3 34.00 136.00 170.00 OK
r-release-osx-x86_64 0.2.3 NOTE
r-oldrel-windows-ix86+x86_64 0.2.3 27.00 129.00 156.00 OK
r-oldrel-osx-x86_64 0.2.3 NOTE

Check Details

Version: 0.2.3
Check: data for non-ASCII characters
Result: NOTE
     Note: found 500 marked UTF-8 strings
Flavors: r-devel-linux-x86_64-fedora-clang, r-devel-linux-x86_64-fedora-gcc, r-patched-solaris-x86, r-release-osx-x86_64, r-oldrel-osx-x86_64