CRAN Package Check Results for Package csabounds

Last updated on 2019-08-19 03:46:47 CEST.

Flavor Version Tinstall Tcheck Ttotal Status Flags
r-devel-linux-x86_64-debian-clang 1.0.0 4.42 44.76 49.18 OK
r-devel-linux-x86_64-debian-gcc 1.0.0 3.88 34.59 38.47 OK
r-devel-linux-x86_64-fedora-clang 1.0.0 59.59 NOTE
r-devel-linux-x86_64-fedora-gcc 1.0.0 56.46 NOTE
r-devel-windows-ix86+x86_64 1.0.0 20.00 86.00 106.00 OK
r-patched-linux-x86_64 1.0.0 4.28 43.18 47.46 OK
r-patched-solaris-x86 1.0.0 91.20 NOTE
r-release-linux-x86_64 1.0.0 4.10 43.72 47.82 OK
r-release-windows-ix86+x86_64 1.0.0 13.00 62.00 75.00 OK
r-release-osx-x86_64 1.0.0 NOTE
r-oldrel-windows-ix86+x86_64 1.0.0 11.00 93.00 104.00 OK
r-oldrel-osx-x86_64 1.0.0 NOTE

Check Details

Version: 1.0.0
Check: dependencies in R code
Result: NOTE
    Namespace in Imports field not imported from: ‘qte’
     All declared Imports should be used.
Flavors: r-devel-linux-x86_64-fedora-clang, r-devel-linux-x86_64-fedora-gcc, r-patched-solaris-x86, r-release-osx-x86_64, r-oldrel-osx-x86_64