CRAN Package Check Results for Package cumplyr

Last updated on 2020-07-12 18:49:50 CEST.

Flavor Version Tinstall Tcheck Ttotal Status Flags
r-devel-linux-x86_64-debian-clang 0.1-1 1.99 20.74 22.73 NOTE
r-devel-linux-x86_64-debian-gcc 0.1-1 1.50 16.82 18.32 NOTE
r-devel-linux-x86_64-fedora-clang 0.1-1 38.06 NOTE
r-devel-linux-x86_64-fedora-gcc 0.1-1 27.27 NOTE
r-devel-windows-ix86+x86_64 0.1-1 4.00 31.00 35.00 NOTE
r-patched-linux-x86_64 0.1-1 1.71 21.01 22.72 NOTE
r-patched-solaris-x86 0.1-1 43.10 NOTE
r-release-linux-x86_64 0.1-1 1.76 20.83 22.59 NOTE
r-release-macos-x86_64 0.1-1 NOTE
r-release-windows-ix86+x86_64 0.1-1 4.00 31.00 35.00 NOTE
r-oldrel-macos-x86_64 0.1-1 NOTE
r-oldrel-windows-ix86+x86_64 0.1-1 4.00 38.00 42.00 NOTE

Check Details

Version: 0.1-1
Check: for hidden files and directories
Result: NOTE
    Found the following hidden files and directories:
     .gitignore
    These were most likely included in error. See section 'Package
    structure' in the 'Writing R Extensions' manual.
Flavors: r-devel-linux-x86_64-debian-clang, r-devel-linux-x86_64-debian-gcc, r-devel-linux-x86_64-fedora-clang, r-devel-linux-x86_64-fedora-gcc, r-devel-windows-ix86+x86_64, r-patched-linux-x86_64, r-patched-solaris-x86, r-release-linux-x86_64, r-release-macos-x86_64, r-release-windows-ix86+x86_64, r-oldrel-macos-x86_64, r-oldrel-windows-ix86+x86_64

Version: 0.1-1
Check: DESCRIPTION meta-information
Result: NOTE
    Malformed Title field: should not end in a period.
    License components which are templates and need '+ file LICENSE':
     MIT
Flavors: r-devel-linux-x86_64-debian-clang, r-devel-linux-x86_64-debian-gcc, r-devel-linux-x86_64-fedora-clang, r-devel-linux-x86_64-fedora-gcc, r-patched-linux-x86_64, r-patched-solaris-x86, r-release-linux-x86_64, r-release-macos-x86_64, r-oldrel-macos-x86_64

Version: 0.1-1
Check: top-level files
Result: NOTE
    Non-standard files/directories found at top level:
     'BUGS.md' 'TODO.md' 'benchmarks' 'build_script.sh' 'doc'
     'iddply_dt.R' 'profiling'
Flavors: r-devel-linux-x86_64-debian-clang, r-devel-linux-x86_64-debian-gcc, r-devel-linux-x86_64-fedora-clang, r-devel-linux-x86_64-fedora-gcc, r-patched-linux-x86_64, r-release-linux-x86_64

Version: 0.1-1
Check: DESCRIPTION meta-information
Result: NOTE
    Malformed Title field: should not end in a period.
Flavors: r-devel-windows-ix86+x86_64, r-release-windows-ix86+x86_64, r-oldrel-windows-ix86+x86_64