CRAN Package Check Results for Package cvxbiclustr

Last updated on 2020-03-30 01:48:09 CEST.

Flavor Version Tinstall Tcheck Ttotal Status Flags
r-devel-linux-x86_64-debian-clang 0.0.1 OK
r-devel-linux-x86_64-debian-gcc 0.0.1 7.47 50.45 57.92 OK
r-devel-linux-x86_64-fedora-clang 0.0.1 88.77 NOTE
r-devel-linux-x86_64-fedora-gcc 0.0.1 85.74 NOTE
r-devel-windows-ix86+x86_64 0.0.1 20.00 91.00 111.00 OK
r-devel-windows-ix86+x86_64-gcc8 0.0.1 20.00 92.00 112.00 OK
r-patched-linux-x86_64 0.0.1 8.15 63.36 71.51 OK
r-patched-solaris-x86 0.0.1 136.80 OK
r-release-linux-x86_64 0.0.1 8.07 58.42 66.49 OK
r-release-windows-ix86+x86_64 0.0.1 24.00 125.00 149.00 OK
r-release-osx-x86_64 0.0.1 OK
r-oldrel-windows-ix86+x86_64 0.0.1 17.00 125.00 142.00 OK
r-oldrel-osx-x86_64 0.0.1 OK

Check Details

Version: 0.0.1
Check: compiled code
Result: NOTE
    File ‘cvxbiclustr/libs/cvxbiclustr.so’:
     Found no calls to: ‘R_registerRoutines’, ‘R_useDynamicSymbols’
    
    It is good practice to register native routines and to disable symbol
    search.
    
    See ‘Writing portable packages’ in the ‘Writing R Extensions’ manual.
Flavors: r-devel-linux-x86_64-fedora-clang, r-devel-linux-x86_64-fedora-gcc