CRAN Package Check Results for Package dGAselID

Last updated on 2019-10-17 02:47:21 CEST.

Flavor Version Tinstall Tcheck Ttotal Status Flags
r-devel-linux-x86_64-debian-clang 1.2 25.47 198.79 224.26 OK
r-devel-linux-x86_64-debian-gcc 1.2 22.37 154.25 176.62 OK
r-devel-linux-x86_64-fedora-clang 1.2 266.08 OK
r-devel-linux-x86_64-fedora-gcc 1.2 267.43 OK
r-devel-windows-ix86+x86_64 1.2 74.00 192.00 266.00 OK
r-patched-linux-x86_64 1.2 23.52 190.09 213.61 OK
r-patched-solaris-x86 1.2 350.50 OK
r-release-linux-x86_64 1.2 23.95 188.91 212.86 OK
r-release-windows-ix86+x86_64 1.2 51.00 207.00 258.00 OK
r-release-osx-x86_64 1.2 ERROR
r-oldrel-windows-ix86+x86_64 1.2 32.00 177.00 209.00 OK
r-oldrel-osx-x86_64 1.2 OK

Check Details

Version: 1.2
Check: package dependencies
Result: ERROR
    Package required but not available: ‘ALL’
    
    See section ‘The DESCRIPTION file’ in the ‘Writing R Extensions’
    manual.
Flavor: r-release-osx-x86_64